Last updated on 2025-02-21 02:52:09 CET.
Flavor | Version | Tinstall | Tcheck | Ttotal | Status | Flags |
---|---|---|---|---|---|---|
r-devel-linux-x86_64-debian-clang | 0.33 | 5.69 | 38.46 | 44.15 | NOTE | |
r-devel-linux-x86_64-debian-gcc | 0.33 | 3.65 | 28.58 | 32.23 | NOTE | |
r-devel-linux-x86_64-fedora-clang | 0.33 | 67.55 | OK | |||
r-devel-linux-x86_64-fedora-gcc | 0.33 | 77.13 | OK | |||
r-devel-macos-arm64 | 0.33 | 40.00 | OK | |||
r-devel-macos-x86_64 | 0.33 | 55.00 | OK | |||
r-devel-windows-x86_64 | 0.33 | 10.00 | 58.00 | 68.00 | NOTE | |
r-patched-linux-x86_64 | 0.33 | 8.69 | 36.35 | 45.04 | OK | |
r-release-linux-x86_64 | 0.33 | 4.88 | 36.54 | 41.42 | OK | |
r-release-macos-arm64 | 0.33 | 34.00 | NOTE | |||
r-release-macos-x86_64 | 0.33 | 52.00 | NOTE | |||
r-release-windows-x86_64 | 0.33 | 11.00 | 61.00 | 72.00 | NOTE | |
r-oldrel-macos-arm64 | 0.33 | 36.00 | NOTE | |||
r-oldrel-macos-x86_64 | 0.33 | 64.00 | NOTE | |||
r-oldrel-windows-x86_64 | 0.33 | 11.00 | 91.00 | 102.00 | NOTE |
Version: 0.33
Check: Rd cross-references
Result: NOTE
Found the following Rd file(s) with Rd \link{} targets missing package
anchors:
dataTableOutput.Rd: shinyWidgetOutput
Please provide package anchors for all Rd \link{} targets not in the
package itself and the base packages.
Flavors: r-devel-linux-x86_64-debian-clang, r-devel-linux-x86_64-debian-gcc, r-devel-windows-x86_64
Version: 0.33
Check: installed package size
Result: NOTE
installed size is 6.3Mb
sub-directories of 1Mb or more:
htmlwidgets 5.5Mb
Flavors: r-release-macos-arm64, r-release-macos-x86_64, r-release-windows-x86_64, r-oldrel-macos-arm64, r-oldrel-macos-x86_64, r-oldrel-windows-x86_64