CRAN Package Check Results for Package DTRKernSmooth

Last updated on 2025-02-21 02:52:09 CET.

Flavor Version Tinstall Tcheck Ttotal Status Flags
r-devel-linux-x86_64-debian-clang 1.1.0 23.67 37.06 60.73 OK
r-devel-linux-x86_64-debian-gcc 1.1.0 18.76 28.08 46.84 OK
r-devel-linux-x86_64-fedora-clang 1.1.0 101.84 OK
r-devel-linux-x86_64-fedora-gcc 1.1.0 106.52 OK
r-devel-macos-arm64 1.1.0 37.00 OK
r-devel-macos-x86_64 1.1.0 64.00 OK
r-devel-windows-x86_64 1.1.0 25.00 83.00 108.00 OK
r-patched-linux-x86_64 1.1.0 26.09 36.68 62.77 OK
r-release-linux-x86_64 1.1.0 26.90 36.54 63.44 OK
r-release-macos-arm64 1.1.0 37.00 NOTE
r-release-macos-x86_64 1.1.0 50.00 NOTE
r-release-windows-x86_64 1.1.0 25.00 75.00 100.00 OK
r-oldrel-macos-arm64 1.1.0 39.00 NOTE
r-oldrel-macos-x86_64 1.1.0 99.00 NOTE
r-oldrel-windows-x86_64 1.1.0 31.00 84.00 115.00 OK

Check Details

Version: 1.1.0
Check: installed package size
Result: NOTE installed size is 13.2Mb sub-directories of 1Mb or more: libs 13.1Mb Flavors: r-release-macos-arm64, r-release-macos-x86_64, r-oldrel-macos-arm64, r-oldrel-macos-x86_64