Last updated on 2025-02-21 02:52:09 CET.
Flavor | Version | Tinstall | Tcheck | Ttotal | Status | Flags |
---|---|---|---|---|---|---|
r-devel-linux-x86_64-debian-clang | 1.0 | 19.98 | 20.85 | 40.83 | OK | |
r-devel-linux-x86_64-debian-gcc | 1.0 | 14.56 | 16.98 | 31.54 | OK | |
r-devel-linux-x86_64-fedora-clang | 1.0 | 73.55 | OK | |||
r-devel-linux-x86_64-fedora-gcc | 1.0 | 69.37 | OK | |||
r-devel-macos-arm64 | 1.0 | 24.00 | OK | |||
r-devel-macos-x86_64 | 1.0 | 40.00 | OK | |||
r-devel-windows-x86_64 | 1.0 | 24.00 | 67.00 | 91.00 | OK | |
r-patched-linux-x86_64 | 1.0 | 20.15 | 19.80 | 39.95 | NOTE | |
r-release-linux-x86_64 | 1.0 | 20.46 | 19.89 | 40.35 | NOTE | |
r-release-macos-arm64 | 1.0 | 25.00 | NOTE | |||
r-release-macos-x86_64 | 1.0 | 41.00 | NOTE | |||
r-release-windows-x86_64 | 1.0 | 23.00 | 66.00 | 89.00 | NOTE | |
r-oldrel-macos-arm64 | 1.0 | 26.00 | NOTE | |||
r-oldrel-macos-x86_64 | 1.0 | 42.00 | NOTE | |||
r-oldrel-windows-x86_64 | 1.0 | 28.00 | 75.00 | 103.00 | NOTE |
Version: 1.0
Check: LazyData
Result: NOTE
'LazyData' is specified without a 'data' directory
Flavors: r-patched-linux-x86_64, r-release-linux-x86_64, r-release-macos-arm64, r-release-macos-x86_64, r-release-windows-x86_64, r-oldrel-macos-arm64, r-oldrel-macos-x86_64, r-oldrel-windows-x86_64