Last updated on 2025-02-21 02:52:09 CET.
Flavor | Version | Tinstall | Tcheck | Ttotal | Status | Flags |
---|---|---|---|---|---|---|
r-devel-linux-x86_64-debian-clang | 1.2.14 | 53.73 | 21.80 | 75.53 | OK | |
r-devel-linux-x86_64-debian-gcc | 1.2.14 | 49.03 | 17.86 | 66.89 | OK | |
r-devel-linux-x86_64-fedora-clang | 1.2.14 | 172.38 | OK | |||
r-devel-linux-x86_64-fedora-gcc | 1.2.14 | 160.52 | OK | |||
r-devel-macos-arm64 | 1.2.14 | 37.00 | OK | |||
r-devel-macos-x86_64 | 1.2.14 | 69.00 | OK | |||
r-devel-windows-x86_64 | 1.2.14 | 64.00 | 70.00 | 134.00 | OK | |
r-patched-linux-x86_64 | 1.2.14 | 68.22 | 20.84 | 89.06 | OK | |
r-release-linux-x86_64 | 1.2.14 | 66.01 | 20.81 | 86.82 | OK | |
r-release-macos-arm64 | 1.2.14 | 38.00 | NOTE | |||
r-release-macos-x86_64 | 1.2.14 | 62.00 | NOTE | |||
r-release-windows-x86_64 | 1.2.14 | 67.00 | 70.00 | 137.00 | OK | |
r-oldrel-macos-arm64 | 1.2.14 | 48.00 | NOTE | |||
r-oldrel-macos-x86_64 | 1.2.14 | 72.00 | NOTE | |||
r-oldrel-windows-x86_64 | 1.2.14 | 77.00 | 77.00 | 154.00 | OK |
Version: 1.2.14
Check: installed package size
Result: NOTE
installed size is 7.3Mb
sub-directories of 1Mb or more:
libs 7.2Mb
Flavors: r-release-macos-arm64, r-release-macos-x86_64, r-oldrel-macos-arm64, r-oldrel-macos-x86_64