Last updated on 2025-02-21 02:52:09 CET.
Flavor | Version | Tinstall | Tcheck | Ttotal | Status | Flags |
---|---|---|---|---|---|---|
r-devel-linux-x86_64-debian-clang | 3.3.3 | 17.54 | 45.78 | 63.32 | NOTE | |
r-devel-linux-x86_64-debian-gcc | 3.3.3 | 12.74 | 32.99 | 45.73 | NOTE | |
r-devel-linux-x86_64-fedora-clang | 3.3.3 | 111.42 | NOTE | |||
r-devel-linux-x86_64-fedora-gcc | 3.3.3 | 100.22 | NOTE | |||
r-devel-macos-arm64 | 3.3.3 | 36.00 | NOTE | |||
r-devel-macos-x86_64 | 3.3.3 | 62.00 | NOTE | |||
r-devel-windows-x86_64 | 3.3.3 | 22.00 | 79.00 | 101.00 | NOTE | |
r-patched-linux-x86_64 | 3.3.3 | 17.69 | 42.93 | 60.62 | NOTE | |
r-release-linux-x86_64 | 3.3.3 | 18.47 | 42.48 | 60.95 | NOTE | |
r-release-macos-arm64 | 3.3.3 | 36.00 | NOTE | |||
r-release-macos-x86_64 | 3.3.3 | 48.00 | NOTE | |||
r-release-windows-x86_64 | 3.3.3 | 24.00 | 81.00 | 105.00 | NOTE | |
r-oldrel-macos-arm64 | 3.3.3 | 39.00 | NOTE | |||
r-oldrel-macos-x86_64 | 3.3.3 | 59.00 | NOTE | |||
r-oldrel-windows-x86_64 | 3.3.3 | 27.00 | 98.00 | 125.00 | NOTE |
Version: 3.3.3
Check: C++ specification
Result: NOTE
Specified C++14: please drop specification unless essential
Flavors: r-devel-linux-x86_64-debian-clang, r-devel-linux-x86_64-debian-gcc, r-devel-linux-x86_64-fedora-clang, r-devel-linux-x86_64-fedora-gcc, r-devel-macos-arm64, r-devel-macos-x86_64, r-devel-windows-x86_64, r-patched-linux-x86_64, r-release-linux-x86_64, r-release-macos-arm64, r-release-macos-x86_64, r-release-windows-x86_64, r-oldrel-macos-arm64, r-oldrel-macos-x86_64, r-oldrel-windows-x86_64