Last updated on 2025-02-20 14:50:49 CET.
Flavor | Version | Tinstall | Tcheck | Ttotal | Status | Flags |
---|---|---|---|---|---|---|
r-devel-linux-x86_64-debian-clang | 0.99.59 | 85.76 | 336.29 | 422.05 | OK | |
r-devel-linux-x86_64-debian-gcc | 0.99.59 | 56.29 | 211.77 | 268.06 | OK | |
r-devel-linux-x86_64-fedora-clang | 0.99.59 | 677.24 | OK | |||
r-devel-linux-x86_64-fedora-gcc | 0.99.59 | 657.33 | OK | |||
r-devel-macos-arm64 | 0.99.59 | 140.00 | OK | |||
r-devel-macos-x86_64 | 0.99.59 | 302.00 | OK | |||
r-devel-windows-x86_64 | 0.99.59 | 90.00 | 442.00 | 532.00 | OK | |
r-patched-linux-x86_64 | 0.99.59 | 92.68 | 318.32 | 411.00 | NOTE | |
r-release-linux-x86_64 | 0.99.59 | 84.35 | 315.03 | 399.38 | NOTE | |
r-release-macos-arm64 | 0.99.59 | 151.00 | NOTE | |||
r-release-macos-x86_64 | 0.99.59 | 297.00 | NOTE | |||
r-release-windows-x86_64 | 0.99.59 | 91.00 | 442.00 | 533.00 | NOTE | |
r-oldrel-macos-arm64 | 0.99.58 | 166.00 | NOTE | |||
r-oldrel-macos-x86_64 | 0.99.59 | 269.00 | NOTE | |||
r-oldrel-windows-x86_64 | 0.99.59 | 117.00 | 551.00 | 668.00 | NOTE |
Version: 0.99.59
Check: package dependencies
Result: NOTE
Package suggested but not available for checking: ‘RDCOMClient’
Flavors: r-patched-linux-x86_64, r-release-linux-x86_64, r-release-macos-arm64, r-release-macos-x86_64, r-release-windows-x86_64, r-oldrel-macos-x86_64, r-oldrel-windows-x86_64
Version: 0.99.59
Check: installed package size
Result: NOTE
installed size is 9.6Mb
sub-directories of 1Mb or more:
R 2.0Mb
doc 1.8Mb
help 1.6Mb
libs 3.6Mb
Flavors: r-release-macos-arm64, r-release-macos-x86_64, r-release-windows-x86_64, r-oldrel-macos-x86_64, r-oldrel-windows-x86_64
Version: 0.99.58
Check: package dependencies
Result: NOTE
Package suggested but not available for checking: ‘RDCOMClient’
Flavor: r-oldrel-macos-arm64
Version: 0.99.58
Check: installed package size
Result: NOTE
installed size is 9.6Mb
sub-directories of 1Mb or more:
R 2.0Mb
doc 1.8Mb
help 1.6Mb
libs 3.6Mb
Flavor: r-oldrel-macos-arm64