Last updated on 2025-02-20 14:50:49 CET.
Flavor | Version | Tinstall | Tcheck | Ttotal | Status | Flags |
---|---|---|---|---|---|---|
r-devel-linux-x86_64-debian-clang | 0.0.5 | 35.72 | 23.13 | 58.85 | OK | |
r-devel-linux-x86_64-debian-gcc | 0.0.5 | 27.75 | 21.22 | 48.97 | OK | |
r-devel-linux-x86_64-fedora-clang | 0.0.5 | 100.63 | OK | |||
r-devel-linux-x86_64-fedora-gcc | 0.0.5 | 108.72 | OK | |||
r-devel-macos-arm64 | 0.0.5 | 32.00 | OK | |||
r-devel-macos-x86_64 | 0.0.5 | 82.00 | OK | |||
r-devel-windows-x86_64 | 0.0.5 | 37.00 | 53.00 | 90.00 | OK | |
r-patched-linux-x86_64 | 0.0.5 | 38.75 | 25.95 | 64.70 | OK | |
r-release-linux-x86_64 | 0.0.5 | 41.16 | 25.91 | 67.07 | OK | |
r-release-macos-arm64 | 0.0.5 | 32.00 | NOTE | |||
r-release-macos-x86_64 | 0.0.5 | 74.00 | NOTE | |||
r-release-windows-x86_64 | 0.0.5 | 36.00 | 54.00 | 90.00 | OK | |
r-oldrel-macos-arm64 | 0.0.5 | 36.00 | NOTE | |||
r-oldrel-macos-x86_64 | 0.0.5 | 46.00 | NOTE | |||
r-oldrel-windows-x86_64 | 0.0.5 | 44.00 | 73.00 | 117.00 | OK |
Version: 0.0.5
Check: installed package size
Result: NOTE
installed size is 17.9Mb
sub-directories of 1Mb or more:
libs 17.8Mb
Flavors: r-release-macos-arm64, r-release-macos-x86_64, r-oldrel-macos-arm64, r-oldrel-macos-x86_64