Last updated on 2025-05-13 14:50:21 CEST.
Flavor | Version | Tinstall | Tcheck | Ttotal | Status | Flags |
---|---|---|---|---|---|---|
r-devel-linux-x86_64-debian-clang | 0.4.2 | 6.07 | 51.45 | 57.52 | NOTE | |
r-devel-linux-x86_64-debian-gcc | 0.4.2 | 4.05 | 36.21 | 40.26 | NOTE | |
r-devel-linux-x86_64-fedora-clang | 0.4.2 | 89.59 | OK | |||
r-devel-linux-x86_64-fedora-gcc | 0.4.2 | 82.32 | OK | |||
r-devel-windows-x86_64 | 0.4.2 | 8.00 | 68.00 | 76.00 | OK | |
r-patched-linux-x86_64 | 0.4.2 | 5.35 | 48.46 | 53.81 | OK | |
r-release-linux-x86_64 | 0.4.2 | 5.33 | 47.76 | 53.09 | OK | |
r-release-macos-arm64 | 0.4.2 | 29.00 | OK | |||
r-release-macos-x86_64 | 0.4.2 | 54.00 | OK | |||
r-release-windows-x86_64 | 0.4.2 | 8.00 | 65.00 | 73.00 | OK | |
r-oldrel-macos-arm64 | 0.4.2 | 30.00 | OK | |||
r-oldrel-macos-x86_64 | 0.4.2 | 45.00 | OK | |||
r-oldrel-windows-x86_64 | 0.4.2 | 9.00 | 80.00 | 89.00 | OK |
Version: 0.4.2
Check: CRAN incoming feasibility
Result: NOTE
Maintainer: ‘Leihong Wu <leihong.wu@fda.hhs.gov>’
No Authors@R field in DESCRIPTION.
Please add one, modifying
Authors@R: c(person(given = "Leihong",
family = "Wu",
role = c("aut", "cre"),
email = "leihong.wu@fda.hhs.gov"),
person(given = "Weida",
family = "Tong",
role = "aut",
comment = "Weida.tong@fda.hhs.gov"))
as necessary.
Flavors: r-devel-linux-x86_64-debian-clang, r-devel-linux-x86_64-debian-gcc