CRAN Package Check Results for Package DidacticBoost

Last updated on 2025-02-20 14:50:49 CET.

Flavor Version Tinstall Tcheck Ttotal Status Flags
r-devel-linux-x86_64-debian-clang 0.1.1 1.46 18.26 19.72 OK
r-devel-linux-x86_64-debian-gcc 0.1.1 1.30 15.10 16.40 OK
r-devel-linux-x86_64-fedora-clang 0.1.1 31.69 OK
r-devel-linux-x86_64-fedora-gcc 0.1.1 30.46 OK
r-devel-macos-arm64 0.1.1 15.00 OK
r-devel-macos-x86_64 0.1.1 25.00 OK
r-devel-windows-x86_64 0.1.1 3.00 40.00 43.00 OK
r-patched-linux-x86_64 0.1.1 1.64 17.71 19.35 NOTE
r-release-linux-x86_64 0.1.1 1.47 17.75 19.22 NOTE
r-release-macos-arm64 0.1.1 15.00 NOTE
r-release-macos-x86_64 0.1.1 22.00 NOTE
r-release-windows-x86_64 0.1.1 2.00 41.00 43.00 NOTE
r-oldrel-macos-arm64 0.1.1 16.00 NOTE
r-oldrel-macos-x86_64 0.1.1 21.00 NOTE
r-oldrel-windows-x86_64 0.1.1 3.00 41.00 44.00 NOTE

Check Details

Version: 0.1.1
Check: LazyData
Result: NOTE 'LazyData' is specified without a 'data' directory Flavors: r-patched-linux-x86_64, r-release-linux-x86_64, r-release-macos-arm64, r-release-macos-x86_64, r-release-windows-x86_64, r-oldrel-macos-arm64, r-oldrel-macos-x86_64, r-oldrel-windows-x86_64