Last updated on 2025-02-18 02:50:34 CET.
Flavor | Version | Tinstall | Tcheck | Ttotal | Status | Flags |
---|---|---|---|---|---|---|
r-devel-linux-x86_64-debian-clang | 1.1 | 1.84 | 17.89 | 19.73 | OK | |
r-devel-linux-x86_64-debian-gcc | 1.1 | 1.38 | 14.87 | 16.25 | OK | |
r-devel-linux-x86_64-fedora-clang | 1.1 | 32.26 | OK | |||
r-devel-linux-x86_64-fedora-gcc | 1.1 | 30.29 | OK | |||
r-devel-macos-arm64 | 1.1 | 14.00 | OK | |||
r-devel-macos-x86_64 | 1.1 | 23.00 | OK | |||
r-devel-windows-x86_64 | 1.1 | 3.00 | 42.00 | 45.00 | OK | |
r-patched-linux-x86_64 | 1.1 | 1.57 | 17.14 | 18.71 | NOTE | |
r-release-linux-x86_64 | 1.1 | 1.32 | 17.25 | 18.57 | NOTE | |
r-release-macos-arm64 | 1.1 | 15.00 | NOTE | |||
r-release-macos-x86_64 | 1.1 | 19.00 | NOTE | |||
r-release-windows-x86_64 | 1.1 | 3.00 | 46.00 | 49.00 | NOTE | |
r-oldrel-macos-arm64 | 1.1 | 14.00 | NOTE | |||
r-oldrel-macos-x86_64 | 1.1 | 18.00 | NOTE | |||
r-oldrel-windows-x86_64 | 1.1 | 2.00 | 71.00 | 73.00 | NOTE |
Version: 1.1
Check: LazyData
Result: NOTE
'LazyData' is specified without a 'data' directory
Flavors: r-patched-linux-x86_64, r-release-linux-x86_64, r-release-macos-arm64, r-release-macos-x86_64, r-release-windows-x86_64, r-oldrel-macos-arm64, r-oldrel-macos-x86_64, r-oldrel-windows-x86_64