Last updated on 2025-02-18 02:50:34 CET.
Flavor | Version | Tinstall | Tcheck | Ttotal | Status | Flags |
---|---|---|---|---|---|---|
r-devel-linux-x86_64-debian-clang | 0.12 | 17.43 | 115.79 | 133.22 | OK | |
r-devel-linux-x86_64-debian-gcc | 0.12 | 11.22 | 73.07 | 84.29 | OK | |
r-devel-linux-x86_64-fedora-clang | 0.12 | 212.99 | OK | |||
r-devel-linux-x86_64-fedora-gcc | 0.12 | 195.18 | OK | |||
r-devel-macos-arm64 | 0.12 | 52.00 | OK | |||
r-devel-macos-x86_64 | 0.12 | 114.00 | OK | |||
r-devel-windows-x86_64 | 0.12 | 21.00 | 146.00 | 167.00 | OK | |
r-patched-linux-x86_64 | 0.12 | 19.68 | 105.19 | 124.87 | OK | |
r-release-linux-x86_64 | 0.12 | 16.43 | 104.84 | 121.27 | OK | |
r-release-macos-arm64 | 0.12 | 52.00 | OK | |||
r-release-macos-x86_64 | 0.12 | 80.00 | OK | |||
r-release-windows-x86_64 | 0.12 | 21.00 | 143.00 | 164.00 | OK | |
r-oldrel-macos-arm64 | 0.12 | 55.00 | OK | |||
r-oldrel-macos-x86_64 | 0.12 | 97.00 | NOTE | |||
r-oldrel-windows-x86_64 | 0.12 | 26.00 | 171.00 | 197.00 | OK |
Version: 0.12
Check: package dependencies
Result: NOTE
Package suggested but not available for checking: ‘PerformanceAnalytics’
Flavor: r-oldrel-macos-x86_64