Last updated on 2025-02-21 02:52:09 CET.
Flavor | Version | Tinstall | Tcheck | Ttotal | Status | Flags |
---|---|---|---|---|---|---|
r-devel-linux-x86_64-debian-clang | 0.1.4 | 6.43 | 74.16 | 80.59 | NOTE | |
r-devel-linux-x86_64-debian-gcc | 0.1.4 | 5.02 | 53.33 | 58.35 | NOTE | |
r-devel-linux-x86_64-fedora-clang | 0.1.4 | 124.73 | NOTE | |||
r-devel-linux-x86_64-fedora-gcc | 0.1.4 | 132.66 | NOTE | |||
r-devel-macos-arm64 | 0.1.4 | 49.00 | NOTE | |||
r-devel-macos-x86_64 | 0.1.4 | 85.00 | NOTE | |||
r-devel-windows-x86_64 | 0.1.4 | 9.00 | 104.00 | 113.00 | NOTE | |
r-patched-linux-x86_64 | 0.1.4 | 8.30 | 69.09 | 77.39 | NOTE | |
r-release-linux-x86_64 | 0.1.4 | 5.94 | 68.43 | 74.37 | NOTE | |
r-release-macos-arm64 | 0.1.4 | 45.00 | NOTE | |||
r-release-macos-x86_64 | 0.1.4 | 73.00 | NOTE | |||
r-release-windows-x86_64 | 0.1.4 | 9.00 | 104.00 | 113.00 | NOTE | |
r-oldrel-macos-arm64 | 0.1.4 | 54.00 | OK | |||
r-oldrel-macos-x86_64 | 0.1.4 | 77.00 | OK | |||
r-oldrel-windows-x86_64 | 0.1.4 | 12.00 | 120.00 | 132.00 | OK |
Version: 0.1.4
Check: Rd files
Result: NOTE
checkRd: (-1) generate_individual_graphs.Rd:11: Lost braces
11 | code{\link[DrDimont]{compute_correlation_matrices}}}
| ^
Flavors: r-devel-linux-x86_64-debian-clang, r-devel-linux-x86_64-debian-gcc, r-devel-linux-x86_64-fedora-clang, r-devel-linux-x86_64-fedora-gcc, r-devel-macos-arm64, r-devel-macos-x86_64, r-devel-windows-x86_64, r-patched-linux-x86_64, r-release-linux-x86_64, r-release-macos-arm64, r-release-macos-x86_64, r-release-windows-x86_64