Last updated on 2025-02-21 02:52:10 CET.
Flavor | Version | Tinstall | Tcheck | Ttotal | Status | Flags |
---|---|---|---|---|---|---|
r-devel-linux-x86_64-debian-clang | 1.1.0 | 6.31 | 131.34 | 137.65 | NOTE | |
r-devel-linux-x86_64-debian-gcc | 1.1.0 | 4.30 | 86.04 | 90.34 | NOTE | |
r-devel-linux-x86_64-fedora-clang | 1.1.0 | 215.50 | NOTE | |||
r-devel-linux-x86_64-fedora-gcc | 1.1.0 | 218.40 | NOTE | |||
r-devel-macos-arm64 | 1.1.0 | 133.00 | OK | |||
r-devel-macos-x86_64 | 1.1.0 | 349.00 | NOTE | |||
r-devel-windows-x86_64 | 1.1.0 | 9.00 | 259.00 | 268.00 | NOTE | |
r-patched-linux-x86_64 | 1.1.0 | 5.83 | 123.35 | 129.18 | OK | |
r-release-linux-x86_64 | 1.1.0 | 5.54 | 123.41 | 128.95 | OK | |
r-release-macos-arm64 | 1.1.0 | 133.00 | OK | |||
r-release-macos-x86_64 | 1.1.0 | 244.00 | OK | |||
r-release-windows-x86_64 | 1.1.0 | 10.00 | 250.00 | 260.00 | OK | |
r-oldrel-macos-arm64 | 1.1.0 | 136.00 | OK | |||
r-oldrel-macos-x86_64 | 1.1.0 | 248.00 | OK | |||
r-oldrel-windows-x86_64 | 1.1.0 | 10.00 | 339.00 | 349.00 | OK |
Version: 1.1.0
Check: DESCRIPTION meta-information
Result: NOTE
Missing dependency on R >= 4.1.0 because package code uses the pipe
|> or function shorthand \(...) syntax added in R 4.1.0.
File(s) using such syntax:
‘ebase_plot.R’ ‘ebase_prep.R’
Flavors: r-devel-linux-x86_64-debian-clang, r-devel-linux-x86_64-debian-gcc, r-devel-linux-x86_64-fedora-clang, r-devel-linux-x86_64-fedora-gcc, r-devel-macos-x86_64, r-devel-windows-x86_64