Last updated on 2025-02-21 02:52:10 CET.
Flavor | Version | Tinstall | Tcheck | Ttotal | Status | Flags |
---|---|---|---|---|---|---|
r-devel-linux-x86_64-debian-clang | 0.4.5 | 60.16 | 354.20 | 414.36 | OK | |
r-devel-linux-x86_64-debian-gcc | 0.4.5 | 44.19 | 247.85 | 292.04 | OK | |
r-devel-linux-x86_64-fedora-clang | 0.4.5 | 675.81 | NOTE | |||
r-devel-linux-x86_64-fedora-gcc | 0.4.5 | 656.97 | NOTE | |||
r-devel-macos-arm64 | 0.4.5 | 186.00 | OK | |||
r-devel-macos-x86_64 | 0.4.5 | 542.00 | OK | |||
r-devel-windows-x86_64 | 0.4.5 | 65.00 | 382.00 | 447.00 | OK | |
r-patched-linux-x86_64 | 0.4.5 | 64.14 | 323.02 | 387.16 | OK | |
r-release-linux-x86_64 | 0.4.5 | 63.38 | 335.65 | 399.03 | OK | |
r-release-macos-arm64 | 0.4.5 | 176.00 | OK | |||
r-release-macos-x86_64 | 0.4.5 | 326.00 | OK | |||
r-release-windows-x86_64 | 0.4.5 | 69.00 | 371.00 | 440.00 | OK | |
r-oldrel-macos-arm64 | 0.4.5 | 168.00 | OK | |||
r-oldrel-macos-x86_64 | 0.4.5 | 370.00 | OK | |||
r-oldrel-windows-x86_64 | 0.4.5 | 82.00 | 446.00 | 528.00 | OK |
Version: 0.4.5
Check: dependencies in R code
Result: NOTE
Namespace in Imports field not imported from: ‘progress’
All declared Imports should be used.
Flavors: r-devel-linux-x86_64-fedora-clang, r-devel-linux-x86_64-fedora-gcc