Last updated on 2024-05-21 14:57:09 CEST.
Flavor | Version | Tinstall | Tcheck | Ttotal | Status | Flags |
---|---|---|---|---|---|---|
r-devel-linux-x86_64-debian-clang | 1.2.1 | 10.23 | 113.69 | 123.92 | OK | |
r-devel-linux-x86_64-debian-gcc | 1.2.1 | 5.86 | 85.21 | 91.07 | OK | |
r-devel-linux-x86_64-fedora-clang | 1.2.1 | 149.69 | NOTE | |||
r-devel-linux-x86_64-fedora-gcc | 1.2.1 | 155.83 | OK | |||
r-devel-windows-x86_64 | 1.2.1 | 8.00 | 117.00 | 125.00 | NOTE | |
r-patched-linux-x86_64 | 1.2.1 | 7.90 | 109.09 | 116.99 | OK | |
r-release-linux-x86_64 | 1.2.1 | 11.27 | 110.02 | 121.29 | OK | |
r-release-macos-arm64 | 1.2.1 | 67.00 | NOTE | |||
r-release-macos-x86_64 | 1.2.1 | 155.00 | NOTE | |||
r-release-windows-x86_64 | 1.2.1 | 9.00 | 116.00 | 125.00 | NOTE | |
r-oldrel-macos-arm64 | 1.2.1 | 63.00 | NOTE | |||
r-oldrel-macos-x86_64 | 1.2.1 | 124.00 | NOTE | |||
r-oldrel-windows-x86_64 | 1.2.1 | 11.00 | 137.00 | 148.00 | NOTE |
Version: 1.2.1
Check: installed package size
Result: NOTE
installed size is 10.5Mb
sub-directories of 1Mb or more:
doc 5.1Mb
extdata 5.1Mb
Flavors: r-devel-linux-x86_64-fedora-clang, r-devel-windows-x86_64, r-release-macos-arm64, r-release-macos-x86_64, r-release-windows-x86_64, r-oldrel-macos-arm64, r-oldrel-macos-x86_64, r-oldrel-windows-x86_64