Last updated on 2025-02-20 14:50:51 CET.
Flavor | Version | Tinstall | Tcheck | Ttotal | Status | Flags |
---|---|---|---|---|---|---|
r-devel-linux-x86_64-debian-clang | 0.1.2 | 1.88 | 17.91 | 19.79 | NOTE | |
r-devel-linux-x86_64-debian-gcc | 0.1.2 | 1.48 | 14.48 | 15.96 | NOTE | |
r-devel-linux-x86_64-fedora-clang | 0.1.2 | 31.13 | NOTE | |||
r-devel-linux-x86_64-fedora-gcc | 0.1.2 | 29.50 | NOTE | |||
r-devel-macos-arm64 | 0.1.2 | 15.00 | OK | |||
r-devel-macos-x86_64 | 0.1.2 | 24.00 | NOTE | |||
r-devel-windows-x86_64 | 0.1.2 | 3.00 | 38.00 | 41.00 | NOTE | |
r-patched-linux-x86_64 | 0.1.2 | 1.91 | 16.95 | 18.86 | OK | |
r-release-linux-x86_64 | 0.1.2 | 1.54 | 16.96 | 18.50 | OK | |
r-release-macos-arm64 | 0.1.2 | 15.00 | OK | |||
r-release-macos-x86_64 | 0.1.2 | 21.00 | OK | |||
r-release-windows-x86_64 | 0.1.2 | 4.00 | 39.00 | 43.00 | OK | |
r-oldrel-macos-arm64 | 0.1.2 | 18.00 | OK | |||
r-oldrel-macos-x86_64 | 0.1.2 | 23.00 | OK | |||
r-oldrel-windows-x86_64 | 0.1.2 | 4.00 | 47.00 | 51.00 | OK |
Version: 0.1.2
Check: DESCRIPTION meta-information
Result: NOTE
Missing dependency on R >= 4.1.0 because package code uses the pipe
|> or function shorthand \(...) syntax added in R 4.1.0.
File(s) using such syntax:
‘backfile.R’
Flavors: r-devel-linux-x86_64-debian-clang, r-devel-linux-x86_64-debian-gcc, r-devel-linux-x86_64-fedora-clang, r-devel-linux-x86_64-fedora-gcc, r-devel-macos-x86_64, r-devel-windows-x86_64