Last updated on 2025-02-21 02:52:10 CET.
Flavor | Version | Tinstall | Tcheck | Ttotal | Status | Flags |
---|---|---|---|---|---|---|
r-devel-linux-x86_64-debian-clang | 0.0.3 | 1.78 | 21.63 | 23.41 | NOTE | |
r-devel-linux-x86_64-debian-gcc | 0.0.3 | 1.49 | 17.00 | 18.49 | NOTE | |
r-devel-linux-x86_64-fedora-clang | 0.0.3 | 37.53 | NOTE | |||
r-devel-linux-x86_64-fedora-gcc | 0.0.3 | 35.92 | NOTE | |||
r-devel-macos-arm64 | 0.0.3 | 15.00 | NOTE | |||
r-devel-macos-x86_64 | 0.0.3 | 29.00 | NOTE | |||
r-devel-windows-x86_64 | 0.0.3 | 3.00 | 49.00 | 52.00 | NOTE | |
r-patched-linux-x86_64 | 0.0.3 | 1.97 | 20.67 | 22.64 | NOTE | |
r-release-linux-x86_64 | 0.0.3 | 1.91 | 20.38 | 22.29 | NOTE | |
r-release-macos-arm64 | 0.0.3 | 17.00 | NOTE | |||
r-release-macos-x86_64 | 0.0.3 | 25.00 | NOTE | |||
r-release-windows-x86_64 | 0.0.3 | 4.00 | 48.00 | 52.00 | NOTE | |
r-oldrel-macos-arm64 | 0.0.3 | 17.00 | OK | |||
r-oldrel-macos-x86_64 | 0.0.3 | 25.00 | OK | |||
r-oldrel-windows-x86_64 | 0.0.3 | 4.00 | 87.00 | 91.00 | OK |
Version: 0.0.3
Check: Rd files
Result: NOTE
checkRd: (-1) macacaModels.Rd:9: Lost braces in \itemize; meant \describe ?
checkRd: (-1) macacaModels.Rd:10-11: Lost braces in \itemize; meant \describe ?
Flavors: r-devel-linux-x86_64-debian-clang, r-devel-linux-x86_64-debian-gcc, r-devel-linux-x86_64-fedora-clang, r-devel-linux-x86_64-fedora-gcc, r-devel-macos-arm64, r-devel-macos-x86_64, r-devel-windows-x86_64, r-patched-linux-x86_64, r-release-linux-x86_64, r-release-macos-arm64, r-release-macos-x86_64, r-release-windows-x86_64