CRAN Package Check Results for Package ER

Last updated on 2025-05-07 02:50:17 CEST.

Flavor Version Tinstall Tcheck Ttotal Status Flags
r-devel-linux-x86_64-debian-clang 1.1.1 12.46 95.75 108.21 NOTE
r-devel-linux-x86_64-debian-gcc 1.1.1 8.46 68.35 76.81 NOTE
r-devel-linux-x86_64-fedora-clang 1.1.1 164.93 OK
r-devel-linux-x86_64-fedora-gcc 1.1.1 158.38 OK
r-devel-windows-x86_64 1.1.1 14.00 97.00 111.00 NOTE
r-patched-linux-x86_64 1.1.1 10.85 90.41 101.26 NOTE
r-release-linux-x86_64 1.1.1 11.94 90.74 102.68 NOTE
r-release-macos-arm64 1.1.1 51.00 OK
r-release-macos-x86_64 1.1.1 91.00 OK
r-release-windows-x86_64 1.1.1 13.00 98.00 111.00 NOTE
r-oldrel-macos-arm64 1.1.1 48.00 OK
r-oldrel-macos-x86_64 1.1.1 71.00 OK
r-oldrel-windows-x86_64 1.1.1 17.00 120.00 137.00 OK

Check Details

Version: 1.1.1
Check: Rd cross-references
Result: NOTE Found the following Rd file(s) with Rd \link{} targets missing package anchors: elastic.Rd: glmnet Please provide package anchors for all Rd \link{} targets not in the package itself and the base packages. Flavors: r-devel-linux-x86_64-debian-clang, r-devel-linux-x86_64-debian-gcc, r-devel-windows-x86_64, r-patched-linux-x86_64, r-release-linux-x86_64, r-release-windows-x86_64