Last updated on 2025-02-21 02:52:10 CET.
Flavor | Version | Tinstall | Tcheck | Ttotal | Status | Flags |
---|---|---|---|---|---|---|
r-devel-linux-x86_64-debian-clang | 1.0.0 | 1.76 | 29.09 | 30.85 | NOTE | |
r-devel-linux-x86_64-debian-gcc | 1.0.0 | 1.60 | 22.34 | 23.94 | NOTE | |
r-devel-linux-x86_64-fedora-clang | 1.0.0 | 49.55 | NOTE | |||
r-devel-linux-x86_64-fedora-gcc | 1.0.0 | 61.10 | NOTE | |||
r-devel-macos-arm64 | 1.0.0 | 34.00 | OK | |||
r-devel-macos-x86_64 | 1.0.0 | 69.00 | NOTE | |||
r-devel-windows-x86_64 | 1.0.0 | 5.00 | 51.00 | 56.00 | NOTE | |
r-patched-linux-x86_64 | 1.0.0 | 2.17 | 27.30 | 29.47 | OK | |
r-release-linux-x86_64 | 1.0.0 | 2.05 | 27.20 | 29.25 | OK | |
r-release-macos-arm64 | 1.0.0 | 28.00 | OK | |||
r-release-macos-x86_64 | 1.0.0 | 39.00 | OK | |||
r-release-windows-x86_64 | 1.0.0 | 6.00 | 50.00 | 56.00 | OK | |
r-oldrel-macos-arm64 | 1.0.0 | 32.00 | OK | |||
r-oldrel-macos-x86_64 | 1.0.0 | 65.00 | OK | |||
r-oldrel-windows-x86_64 | 1.0.0 | 5.00 | 63.00 | 68.00 | OK |
Version: 1.0.0
Check: DESCRIPTION meta-information
Result: NOTE
Missing dependency on R >= 4.1.0 because package code uses the pipe
|> or function shorthand \(...) syntax added in R 4.1.0.
File(s) using such syntax:
‘render_erd.R’
Flavors: r-devel-linux-x86_64-debian-clang, r-devel-linux-x86_64-debian-gcc, r-devel-linux-x86_64-fedora-clang, r-devel-linux-x86_64-fedora-gcc, r-devel-macos-x86_64, r-devel-windows-x86_64