Last updated on 2025-02-21 02:52:10 CET.
Flavor | Version | Tinstall | Tcheck | Ttotal | Status | Flags |
---|---|---|---|---|---|---|
r-devel-linux-x86_64-debian-clang | 0.2.0 | 14.59 | 147.30 | 161.89 | NOTE | |
r-devel-linux-x86_64-debian-gcc | 0.2.0 | 11.37 | 100.31 | 111.68 | NOTE | |
r-devel-linux-x86_64-fedora-clang | 0.2.0 | 246.35 | NOTE | |||
r-devel-linux-x86_64-fedora-gcc | 0.2.0 | 252.40 | NOTE | |||
r-devel-macos-arm64 | 0.2.0 | 70.00 | NOTE | |||
r-devel-macos-x86_64 | 0.2.0 | 142.00 | NOTE | |||
r-devel-windows-x86_64 | 0.2.0 | 16.00 | 141.00 | 157.00 | NOTE | |
r-patched-linux-x86_64 | 0.2.0 | 11.97 | 131.17 | 143.14 | NOTE | |
r-release-linux-x86_64 | 0.2.0 | 13.22 | 130.27 | 143.49 | NOTE | |
r-release-macos-arm64 | 0.2.0 | 80.00 | NOTE | |||
r-release-macos-x86_64 | 0.2.0 | 123.00 | NOTE | |||
r-release-windows-x86_64 | 0.2.0 | 15.00 | 135.00 | 150.00 | NOTE | |
r-oldrel-macos-arm64 | 0.2.0 | 94.00 | NOTE | |||
r-oldrel-macos-x86_64 | 0.2.0 | 148.00 | NOTE | |||
r-oldrel-windows-x86_64 | 0.2.0 | 20.00 | 195.00 | 215.00 | NOTE |
Version: 0.2.0
Check: Rd files
Result: NOTE
checkRd: (-1) aic.Rd:25: Escaped LaTeX specials: \&
checkRd: (-1) aic.Rd:29: Escaped LaTeX specials: \&
checkRd: (-1) ictab.Rd:56: Escaped LaTeX specials: \&
checkRd: (-1) ictab.Rd:60: Escaped LaTeX specials: \&
checkRd: (-1) ictab.Rd:64: Escaped LaTeX specials: \&
Flavors: r-devel-linux-x86_64-debian-clang, r-devel-linux-x86_64-debian-gcc, r-devel-linux-x86_64-fedora-clang, r-devel-linux-x86_64-fedora-gcc, r-devel-macos-arm64, r-devel-macos-x86_64, r-devel-windows-x86_64, r-patched-linux-x86_64, r-release-linux-x86_64, r-release-macos-arm64, r-release-macos-x86_64, r-release-windows-x86_64, r-oldrel-macos-arm64, r-oldrel-macos-x86_64, r-oldrel-windows-x86_64
Version: 0.2.0
Check: LazyData
Result: NOTE
'LazyData' is specified without a 'data' directory
Flavors: r-patched-linux-x86_64, r-release-linux-x86_64, r-release-macos-arm64, r-release-macos-x86_64, r-release-windows-x86_64, r-oldrel-macos-arm64, r-oldrel-macos-x86_64, r-oldrel-windows-x86_64