CRAN Package Check Results for Package ETC

Last updated on 2025-02-18 02:50:35 CET.

Flavor Version Tinstall Tcheck Ttotal Status Flags
r-devel-linux-x86_64-debian-clang 1.5 2.43 21.31 23.74 NOTE
r-devel-linux-x86_64-debian-gcc 1.5 1.90 16.96 18.86 NOTE
r-devel-linux-x86_64-fedora-clang 1.5 40.53 NOTE
r-devel-linux-x86_64-fedora-gcc 1.5 36.15 NOTE
r-devel-macos-arm64 1.5 14.00 NOTE
r-devel-macos-x86_64 1.5 26.00 NOTE
r-devel-windows-x86_64 1.5 3.00 43.00 46.00 NOTE
r-patched-linux-x86_64 1.5 2.49 20.38 22.87 NOTE
r-release-linux-x86_64 1.5 2.27 20.47 22.74 NOTE
r-release-macos-arm64 1.5 16.00 NOTE
r-release-macos-x86_64 1.5 22.00 NOTE
r-release-windows-x86_64 1.5 3.00 44.00 47.00 NOTE
r-oldrel-macos-arm64 1.5 17.00 OK
r-oldrel-macos-x86_64 1.5 22.00 NOTE
r-oldrel-windows-x86_64 1.5 3.00 51.00 54.00 OK

Check Details

Version: 1.5
Check: Rd files
Result: NOTE checkRd: (-1) ETC-package.Rd:28-29: Lost braces in \itemize; meant \describe ? checkRd: (-1) ETC-package.Rd:30-31: Lost braces in \itemize; meant \describe ? checkRd: (-1) ETC-package.Rd:32: Lost braces in \itemize; meant \describe ? Flavors: r-devel-linux-x86_64-debian-clang, r-devel-linux-x86_64-debian-gcc, r-devel-linux-x86_64-fedora-clang, r-devel-linux-x86_64-fedora-gcc, r-devel-macos-arm64, r-devel-macos-x86_64, r-devel-windows-x86_64, r-patched-linux-x86_64, r-release-linux-x86_64, r-release-macos-arm64, r-release-macos-x86_64, r-release-windows-x86_64

Version: 1.5
Check: package dependencies
Result: NOTE Packages suggested but not available for checking: 'SimComp', 'multcomp', 'mratios' Flavor: r-oldrel-macos-x86_64