Last updated on 2025-02-21 02:52:10 CET.
Flavor | Version | Tinstall | Tcheck | Ttotal | Status | Flags |
---|---|---|---|---|---|---|
r-devel-linux-x86_64-debian-clang | 4.1.3 | 11.57 | 126.70 | 138.27 | OK | |
r-devel-linux-x86_64-debian-gcc | 4.1.3 | 7.17 | 89.20 | 96.37 | OK | |
r-devel-linux-x86_64-fedora-clang | 4.1.3 | 211.77 | NOTE | |||
r-devel-linux-x86_64-fedora-gcc | 4.1.3 | 226.32 | NOTE | |||
r-devel-macos-arm64 | 4.1.3 | 77.00 | OK | |||
r-devel-macos-x86_64 | 4.1.3 | 161.00 | OK | |||
r-devel-windows-x86_64 | 4.1.3 | 14.00 | 133.00 | 147.00 | OK | |
r-patched-linux-x86_64 | 4.1.3 | 11.37 | 118.64 | 130.01 | OK | |
r-release-linux-x86_64 | 4.1.3 | 10.84 | 116.16 | 127.00 | OK | |
r-release-macos-arm64 | 4.1.3 | 69.00 | OK | |||
r-release-macos-x86_64 | 4.1.3 | 103.00 | OK | |||
r-release-windows-x86_64 | 4.1.3 | 15.00 | 131.00 | 146.00 | OK | |
r-oldrel-macos-arm64 | 4.1.3 | 69.00 | OK | |||
r-oldrel-macos-x86_64 | 4.1.3 | 103.00 | OK | |||
r-oldrel-windows-x86_64 | 4.1.3 | 17.00 | 167.00 | 184.00 | OK |
Version: 4.1.3
Check: dependencies in R code
Result: NOTE
Namespace in Imports field not imported from: ‘metadat’
All declared Imports should be used.
Flavors: r-devel-linux-x86_64-fedora-clang, r-devel-linux-x86_64-fedora-gcc