Last updated on 2025-02-18 02:50:35 CET.
Flavor | Version | Tinstall | Tcheck | Ttotal | Status | Flags |
---|---|---|---|---|---|---|
r-devel-linux-x86_64-debian-clang | 3.1.1 | 4.68 | 391.72 | 396.40 | OK | |
r-devel-linux-x86_64-debian-gcc | 3.1.1 | 3.53 | 362.40 | 365.93 | OK | |
r-devel-linux-x86_64-fedora-clang | 3.1.1 | 607.05 | NOTE | |||
r-devel-linux-x86_64-fedora-gcc | 3.1.1 | 604.56 | NOTE | |||
r-devel-macos-arm64 | 3.1.1 | 224.00 | OK | |||
r-devel-macos-x86_64 | 3.1.1 | 407.00 | OK | |||
r-devel-windows-x86_64 | 3.1.1 | 7.00 | 324.00 | 331.00 | OK | |
r-patched-linux-x86_64 | 3.1.1 | 4.69 | 314.20 | 318.89 | OK | |
r-release-linux-x86_64 | 3.1.1 | 4.34 | 343.59 | 347.93 | OK | |
r-release-macos-arm64 | 3.1.1 | 242.00 | OK | |||
r-release-macos-x86_64 | 3.1.1 | 285.00 | OK | |||
r-release-windows-x86_64 | 3.1.1 | 7.00 | 371.00 | 378.00 | OK | |
r-oldrel-macos-arm64 | 3.1.1 | 253.00 | OK | |||
r-oldrel-macos-x86_64 | 3.1.1 | 317.00 | OK | |||
r-oldrel-windows-x86_64 | 3.1.1 | 8.00 | 595.00 | 603.00 | OK |
Version: 3.1.1
Check: dependencies in R code
Result: NOTE
Namespace in Imports field not imported from: ‘BiocStyle’
All declared Imports should be used.
Flavors: r-devel-linux-x86_64-fedora-clang, r-devel-linux-x86_64-fedora-gcc