CRAN Package Check Results for Package EconDemand

Last updated on 2025-02-18 02:50:35 CET.

Flavor Version Tinstall Tcheck Ttotal Status Flags
r-devel-linux-x86_64-debian-clang 1.0 1.87 16.91 18.78 OK
r-devel-linux-x86_64-debian-gcc 1.0 1.50 14.29 15.79 OK
r-devel-linux-x86_64-fedora-clang 1.0 31.98 OK
r-devel-linux-x86_64-fedora-gcc 1.0 29.14 OK
r-devel-macos-arm64 1.0 15.00 OK
r-devel-macos-x86_64 1.0 22.00 OK
r-devel-windows-x86_64 1.0 3.00 38.00 41.00 OK
r-patched-linux-x86_64 1.0 1.46 16.42 17.88 NOTE
r-release-linux-x86_64 1.0 1.73 16.40 18.13 NOTE
r-release-macos-arm64 1.0 14.00 NOTE
r-release-macos-x86_64 1.0 20.00 NOTE
r-release-windows-x86_64 1.0 3.00 38.00 41.00 NOTE
r-oldrel-macos-arm64 1.0 19.00 NOTE
r-oldrel-macos-x86_64 1.0 19.00 NOTE
r-oldrel-windows-x86_64 1.0 4.00 38.00 42.00 NOTE

Check Details

Version: 1.0
Check: LazyData
Result: NOTE 'LazyData' is specified without a 'data' directory Flavors: r-patched-linux-x86_64, r-release-linux-x86_64, r-release-macos-arm64, r-release-macos-x86_64, r-release-windows-x86_64, r-oldrel-macos-arm64, r-oldrel-macos-x86_64, r-oldrel-windows-x86_64