Last updated on 2025-02-18 02:50:35 CET.
Flavor | Version | Tinstall | Tcheck | Ttotal | Status | Flags |
---|---|---|---|---|---|---|
r-devel-linux-x86_64-debian-clang | 1.3.0 | 450.45 | 25.15 | 475.60 | OK | |
r-devel-linux-x86_64-debian-gcc | 1.3.0 | 398.28 | 50.85 | 449.13 | OK | |
r-devel-linux-x86_64-fedora-clang | 1.3.0 | 754.76 | OK | |||
r-devel-linux-x86_64-fedora-gcc | 1.3.0 | 1098.73 | OK | |||
r-devel-macos-arm64 | 1.3.0 | 203.00 | OK | |||
r-devel-macos-x86_64 | 1.3.0 | 204.00 | OK | |||
r-devel-windows-x86_64 | 1.3.0 | 421.00 | 109.00 | 530.00 | OK | |
r-patched-linux-x86_64 | 1.3.0 | 493.63 | 64.21 | 557.84 | OK | |
r-release-linux-x86_64 | 1.3.0 | 500.87 | 64.97 | 565.84 | OK | |
r-release-macos-arm64 | 1.3.0 | 223.00 | NOTE | |||
r-release-macos-x86_64 | 1.3.0 | 155.00 | NOTE | |||
r-release-windows-x86_64 | 1.3.0 | 428.00 | 101.00 | 529.00 | OK | |
r-oldrel-macos-arm64 | 1.3.0 | 211.00 | NOTE | |||
r-oldrel-macos-x86_64 | 1.3.0 | 228.00 | NOTE | |||
r-oldrel-windows-x86_64 | 1.3.0 | 570.00 | 121.00 | 691.00 | OK |
Version: 1.3.0
Check: installed package size
Result: NOTE
installed size is 162.9Mb
sub-directories of 1Mb or more:
libs 162.8Mb
Flavors: r-release-macos-arm64, r-release-macos-x86_64, r-oldrel-macos-arm64, r-oldrel-macos-x86_64