Last updated on 2025-02-21 02:52:10 CET.
Flavor | Version | Tinstall | Tcheck | Ttotal | Status | Flags |
---|---|---|---|---|---|---|
r-devel-linux-x86_64-debian-clang | 1.0.4 | 175.45 | 35.92 | 211.37 | NOTE | |
r-devel-linux-x86_64-debian-gcc | 1.0.4 | 134.86 | 26.69 | 161.55 | NOTE | |
r-devel-linux-x86_64-fedora-clang | 1.0.4 | 501.46 | NOTE | |||
r-devel-linux-x86_64-fedora-gcc | 1.0.4 | 442.81 | NOTE | |||
r-devel-macos-arm64 | 1.0.4 | 97.00 | NOTE | |||
r-devel-macos-x86_64 | 1.0.4 | 100.00 | NOTE | |||
r-devel-windows-x86_64 | 1.0.4 | 215.00 | 80.00 | 295.00 | NOTE | |
r-patched-linux-x86_64 | 1.0.4 | 189.14 | 33.20 | 222.34 | NOTE | |
r-release-linux-x86_64 | 1.0.4 | 185.10 | 33.70 | 218.80 | NOTE | |
r-release-macos-arm64 | 1.0.4 | 119.00 | NOTE | |||
r-release-macos-x86_64 | 1.0.4 | 95.00 | NOTE | |||
r-release-windows-x86_64 | 1.0.4 | 216.00 | 79.00 | 295.00 | NOTE | |
r-oldrel-macos-arm64 | 1.0.4 | 146.00 | NOTE | |||
r-oldrel-macos-x86_64 | 1.0.4 | 250.00 | NOTE | |||
r-oldrel-windows-x86_64 | 1.0.4 | 253.00 | 96.00 | 349.00 | NOTE |
Version: 1.0.4
Check: C++ specification
Result: NOTE
Specified C++11: please drop specification unless essential
Flavors: r-devel-linux-x86_64-debian-clang, r-devel-linux-x86_64-debian-gcc, r-devel-linux-x86_64-fedora-clang, r-devel-linux-x86_64-fedora-gcc, r-devel-macos-arm64, r-devel-macos-x86_64, r-devel-windows-x86_64, r-patched-linux-x86_64, r-release-linux-x86_64, r-release-macos-arm64, r-release-macos-x86_64, r-release-windows-x86_64, r-oldrel-macos-arm64, r-oldrel-macos-x86_64, r-oldrel-windows-x86_64
Version: 1.0.4
Check: Rd files
Result: NOTE
checkRd: (-1) minimize.Rd:22: Lost braces in \itemize; meant \describe ?
checkRd: (-1) minimize.Rd:23: Lost braces in \itemize; meant \describe ?
checkRd: (-1) minimize.Rd:24: Lost braces in \itemize; meant \describe ?
checkRd: (-1) minimize.Rd:25: Lost braces in \itemize; meant \describe ?
checkRd: (-1) minimize.Rd:26: Lost braces in \itemize; meant \describe ?
checkRd: (-1) minimize.Rd:27: Lost braces in \itemize; meant \describe ?
checkRd: (-1) minimize.Rd:28: Lost braces in \itemize; meant \describe ?
checkRd: (-1) minimize.Rd:29: Lost braces in \itemize; meant \describe ?
checkRd: (-1) minimize.Rd:30: Lost braces in \itemize; meant \describe ?
checkRd: (-1) minimize.Rd:31: Lost braces in \itemize; meant \describe ?
checkRd: (-1) minimize.Rd:32: Lost braces in \itemize; meant \describe ?
checkRd: (-1) minimize.Rd:33: Lost braces in \itemize; meant \describe ?
Flavors: r-devel-linux-x86_64-debian-clang, r-devel-linux-x86_64-debian-gcc, r-devel-linux-x86_64-fedora-clang, r-devel-linux-x86_64-fedora-gcc, r-devel-macos-arm64, r-devel-macos-x86_64, r-devel-windows-x86_64, r-patched-linux-x86_64, r-release-linux-x86_64, r-release-macos-arm64, r-release-macos-x86_64, r-release-windows-x86_64
Version: 1.0.4
Check: installed package size
Result: NOTE
installed size is 8.9Mb
sub-directories of 1Mb or more:
libs 8.5Mb
Flavors: r-release-macos-arm64, r-release-macos-x86_64, r-oldrel-macos-arm64, r-oldrel-macos-x86_64