Last updated on 2025-02-20 14:50:51 CET.
Flavor | Version | Tinstall | Tcheck | Ttotal | Status | Flags |
---|---|---|---|---|---|---|
r-devel-linux-x86_64-debian-clang | 1.1.3 | 3.16 | 31.85 | 35.01 | NOTE | |
r-devel-linux-x86_64-debian-gcc | 1.1.3 | 3.76 | 24.52 | 28.28 | NOTE | |
r-devel-linux-x86_64-fedora-clang | 1.1.3 | 57.55 | OK | |||
r-devel-linux-x86_64-fedora-gcc | 1.1.3 | 56.24 | OK | |||
r-devel-macos-arm64 | 1.1.3 | 20.00 | OK | |||
r-devel-macos-x86_64 | 1.1.3 | 37.00 | OK | |||
r-devel-windows-x86_64 | 1.1.3 | 7.00 | 54.00 | 61.00 | NOTE | |
r-patched-linux-x86_64 | 1.1.3 | 5.10 | 30.44 | 35.54 | OK | |
r-release-linux-x86_64 | 1.1.3 | 3.68 | 30.51 | 34.19 | OK | |
r-release-macos-arm64 | 1.1.3 | 23.00 | OK | |||
r-release-macos-x86_64 | 1.1.3 | 32.00 | OK | |||
r-release-windows-x86_64 | 1.1.3 | 7.00 | 55.00 | 62.00 | OK | |
r-oldrel-macos-arm64 | 1.1.3 | 23.00 | OK | |||
r-oldrel-macos-x86_64 | 1.1.3 | 33.00 | OK | |||
r-oldrel-windows-x86_64 | 1.1.3 | 10.00 | 66.00 | 76.00 | OK |
Version: 1.1.3
Check: Rd cross-references
Result: NOTE
Found the following Rd file(s) with Rd \link{} targets missing package
anchors:
envcpt.Rd: cpt-class
Please provide package anchors for all Rd \link{} targets not in the
package itself and the base packages.
Flavors: r-devel-linux-x86_64-debian-clang, r-devel-linux-x86_64-debian-gcc, r-devel-windows-x86_64