Last updated on 2025-02-20 14:50:51 CET.
Flavor | Version | Tinstall | Tcheck | Ttotal | Status | Flags |
---|---|---|---|---|---|---|
r-devel-linux-x86_64-debian-clang | 1.0.1 | 56.76 | 37.43 | 94.19 | OK | |
r-devel-linux-x86_64-debian-gcc | 1.0.1 | 39.36 | 27.41 | 66.77 | OK | |
r-devel-linux-x86_64-fedora-clang | 1.0.1 | 181.29 | OK | |||
r-devel-linux-x86_64-fedora-gcc | 1.0.1 | 167.31 | OK | |||
r-devel-macos-arm64 | 1.0.1 | 43.00 | OK | |||
r-devel-macos-x86_64 | 1.0.1 | 62.00 | OK | |||
r-devel-windows-x86_64 | 1.0.1 | 59.00 | 91.00 | 150.00 | OK | |
r-patched-linux-x86_64 | 1.0.1 | 54.67 | 35.06 | 89.73 | OK | |
r-release-linux-x86_64 | 1.0.1 | 59.83 | 35.52 | 95.35 | OK | |
r-release-macos-arm64 | 1.0.1 | 44.00 | OK | |||
r-release-macos-x86_64 | 1.0.1 | 52.00 | OK | |||
r-release-windows-x86_64 | 1.0.1 | 56.00 | 86.00 | 142.00 | OK | |
r-oldrel-macos-arm64 | 1.0.1 | 5.00 | ERROR | |||
r-oldrel-macos-x86_64 | 1.0.1 | 90.00 | OK | |||
r-oldrel-windows-x86_64 | 1.0.1 | 72.00 | 93.00 | 165.00 | OK |
Version: 1.0.1
Check: package dependencies
Result: ERROR
Package required but not available: ‘PSCBS’
See section ‘The DESCRIPTION file’ in the ‘Writing R Extensions’
manual.
Flavor: r-oldrel-macos-arm64