CRAN Package Check Results for Package FABInference

Last updated on 2025-02-21 02:52:11 CET.

Flavor Version Tinstall Tcheck Ttotal Status Flags
r-devel-linux-x86_64-debian-clang 0.1 2.27 27.65 29.92 OK
r-devel-linux-x86_64-debian-gcc 0.1 1.78 20.58 22.36 OK
r-devel-linux-x86_64-fedora-clang 0.1 46.54 OK
r-devel-linux-x86_64-fedora-gcc 0.1 44.33 OK
r-devel-macos-arm64 0.1 15.00 OK
r-devel-macos-x86_64 0.1 32.00 OK
r-devel-windows-x86_64 0.1 3.00 47.00 50.00 OK
r-patched-linux-x86_64 0.1 2.33 26.51 28.84 NOTE
r-release-linux-x86_64 0.1 2.03 26.49 28.52 NOTE
r-release-macos-arm64 0.1 15.00 NOTE
r-release-macos-x86_64 0.1 25.00 NOTE
r-release-windows-x86_64 0.1 3.00 49.00 52.00 NOTE
r-oldrel-macos-arm64 0.1 17.00 NOTE
r-oldrel-macos-x86_64 0.1 26.00 NOTE
r-oldrel-windows-x86_64 0.1 4.00 49.00 53.00 NOTE

Check Details

Version: 0.1
Check: LazyData
Result: NOTE 'LazyData' is specified without a 'data' directory Flavors: r-patched-linux-x86_64, r-release-linux-x86_64, r-release-macos-arm64, r-release-macos-x86_64, r-release-windows-x86_64, r-oldrel-macos-arm64, r-oldrel-macos-x86_64, r-oldrel-windows-x86_64