Last updated on 2025-02-20 14:50:52 CET.
Flavor | Version | Tinstall | Tcheck | Ttotal | Status | Flags |
---|---|---|---|---|---|---|
r-devel-linux-x86_64-debian-clang | 0.3.0 | 3.25 | 37.39 | 40.64 | NOTE | |
r-devel-linux-x86_64-debian-gcc | 0.3.0 | 2.35 | 27.61 | 29.96 | NOTE | |
r-devel-linux-x86_64-fedora-clang | 0.3.0 | 63.55 | OK | |||
r-devel-linux-x86_64-fedora-gcc | 0.3.0 | 76.33 | OK | |||
r-devel-macos-arm64 | 0.3.0 | 32.00 | OK | |||
r-devel-macos-x86_64 | 0.3.0 | 53.00 | OK | |||
r-devel-windows-x86_64 | 0.3.0 | 5.00 | 63.00 | 68.00 | NOTE | |
r-patched-linux-x86_64 | 0.3.0 | 6.00 | 34.25 | 40.25 | OK | |
r-release-linux-x86_64 | 0.3.0 | 3.54 | 33.92 | 37.46 | OK | |
r-release-macos-arm64 | 0.3.0 | 30.00 | OK | |||
r-release-macos-x86_64 | 0.3.0 | 43.00 | OK | |||
r-release-windows-x86_64 | 0.3.0 | 5.00 | 54.00 | 59.00 | OK | |
r-oldrel-macos-arm64 | 0.3.0 | 30.00 | OK | |||
r-oldrel-macos-x86_64 | 0.3.0 | 40.00 | OK | |||
r-oldrel-windows-x86_64 | 0.3.0 | 6.00 | 62.00 | 68.00 | OK |
Version: 0.3.0
Check: Rd cross-references
Result: NOTE
Found the following Rd file(s) with Rd \link{} targets missing package
anchors:
famos.Rd: future
Please provide package anchors for all Rd \link{} targets not in the
package itself and the base packages.
Flavors: r-devel-linux-x86_64-debian-clang, r-devel-linux-x86_64-debian-gcc, r-devel-windows-x86_64