Last updated on 2025-02-18 02:50:36 CET.
Flavor | Version | Tinstall | Tcheck | Ttotal | Status | Flags |
---|---|---|---|---|---|---|
r-devel-linux-x86_64-debian-clang | 2.0.0 | 23.35 | 353.32 | 376.67 | NOTE | |
r-devel-linux-x86_64-debian-gcc | 2.0.0 | 13.27 | 239.81 | 253.08 | NOTE | |
r-devel-linux-x86_64-fedora-clang | 2.0.0 | 609.27 | OK | |||
r-devel-linux-x86_64-fedora-gcc | 2.0.0 | 582.02 | OK | |||
r-devel-macos-arm64 | 2.0.0 | 182.00 | OK | |||
r-devel-macos-x86_64 | 2.0.0 | 426.00 | OK | |||
r-devel-windows-x86_64 | 2.0.0 | 20.00 | 336.00 | 356.00 | NOTE | |
r-patched-linux-x86_64 | 2.0.0 | 27.90 | 331.89 | 359.79 | OK | |
r-release-linux-x86_64 | 2.0.0 | 18.60 | 330.98 | 349.58 | OK | |
r-release-macos-arm64 | 2.0.0 | 178.00 | OK | |||
r-release-macos-x86_64 | 2.0.0 | 243.00 | OK | |||
r-release-windows-x86_64 | 2.0.0 | 22.00 | 345.00 | 367.00 | OK | |
r-oldrel-macos-arm64 | 2.0.0 | 181.00 | OK | |||
r-oldrel-macos-x86_64 | 2.0.0 | 410.00 | OK | |||
r-oldrel-windows-x86_64 | 2.0.0 | 29.00 | 465.00 | 494.00 | OK |
Version: 2.0.0
Check: Rd cross-references
Result: NOTE
Found the following Rd file(s) with Rd \link{} targets missing package
anchors:
classtable.Rd: confusionMatrix
Please provide package anchors for all Rd \link{} targets not in the
package itself and the base packages.
Flavors: r-devel-linux-x86_64-debian-clang, r-devel-linux-x86_64-debian-gcc, r-devel-windows-x86_64