Last updated on 2025-02-21 02:52:11 CET.
Flavor | Version | Tinstall | Tcheck | Ttotal | Status | Flags |
---|---|---|---|---|---|---|
r-devel-linux-x86_64-debian-clang | 0.1.0 | 32.42 | 335.38 | 367.80 | NOTE | |
r-devel-linux-x86_64-debian-gcc | 0.1.0 | 24.05 | 299.82 | 323.87 | NOTE | |
r-devel-linux-x86_64-fedora-clang | 0.1.0 | 556.79 | NOTE | |||
r-devel-linux-x86_64-fedora-gcc | 0.1.0 | 585.37 | NOTE | |||
r-devel-macos-arm64 | 0.1.0 | 142.00 | NOTE | |||
r-devel-macos-x86_64 | 0.1.0 | 275.00 | NOTE | |||
r-devel-windows-x86_64 | 0.1.0 | 34.00 | 238.00 | 272.00 | NOTE | |
r-patched-linux-x86_64 | 0.1.0 | 32.61 | 380.08 | 412.69 | NOTE | |
r-release-linux-x86_64 | 0.1.0 | 34.39 | 373.66 | 408.05 | NOTE | |
r-release-macos-arm64 | 0.1.0 | 148.00 | NOTE | |||
r-release-macos-x86_64 | 0.1.0 | 187.00 | NOTE | |||
r-release-windows-x86_64 | 0.1.0 | 34.00 | 232.00 | 266.00 | NOTE | |
r-oldrel-macos-arm64 | 0.1.0 | 168.00 | NOTE | |||
r-oldrel-macos-x86_64 | 0.1.0 | 240.00 | NOTE | |||
r-oldrel-windows-x86_64 | 0.1.0 | 42.00 | 291.00 | 333.00 | NOTE |
Version: 0.1.0
Check: C++ specification
Result: NOTE
Specified C++11: please drop specification unless essential
Flavors: r-devel-linux-x86_64-debian-clang, r-devel-linux-x86_64-debian-gcc, r-devel-linux-x86_64-fedora-clang, r-devel-linux-x86_64-fedora-gcc, r-devel-macos-arm64, r-devel-macos-x86_64, r-devel-windows-x86_64, r-patched-linux-x86_64, r-release-linux-x86_64, r-release-macos-arm64, r-release-macos-x86_64, r-release-windows-x86_64, r-oldrel-macos-arm64, r-oldrel-macos-x86_64, r-oldrel-windows-x86_64