Last updated on 2024-05-21 14:57:10 CEST.
Flavor | Version | Tinstall | Tcheck | Ttotal | Status | Flags |
---|---|---|---|---|---|---|
r-devel-linux-x86_64-debian-clang | 3.6.2 | 60.47 | 481.40 | 541.87 | OK | |
r-devel-linux-x86_64-debian-gcc | 3.6.2 | 49.70 | 376.75 | 426.45 | OK | |
r-devel-linux-x86_64-fedora-clang | 3.6.3 | 763.86 | NOTE | |||
r-devel-linux-x86_64-fedora-gcc | 3.6.3 | 752.80 | OK | |||
r-devel-windows-x86_64 | 3.6.2 | 50.00 | 323.00 | 373.00 | NOTE | |
r-patched-linux-x86_64 | 3.6.2 | 48.55 | 490.35 | 538.90 | OK | |
r-release-linux-x86_64 | 3.6.2 | 48.12 | 493.59 | 541.71 | OK | |
r-release-macos-arm64 | 3.6.3 | 150.00 | NOTE | |||
r-release-macos-x86_64 | 3.6.3 | 345.00 | NOTE | |||
r-release-windows-x86_64 | 3.6.2 | 50.00 | 317.00 | 367.00 | NOTE | |
r-oldrel-macos-arm64 | 3.6.3 | 168.00 | NOTE | |||
r-oldrel-macos-x86_64 | 3.6.3 | 303.00 | NOTE | |||
r-oldrel-windows-x86_64 | 3.6.2 | 64.00 | 413.00 | 477.00 | NOTE |
Version: 3.6.3
Check: installed package size
Result: NOTE
installed size is 10.7Mb
sub-directories of 1Mb or more:
R 4.7Mb
doc 2.3Mb
extdata 2.1Mb
Flavors: r-devel-linux-x86_64-fedora-clang, r-release-macos-arm64, r-release-macos-x86_64, r-oldrel-macos-arm64, r-oldrel-macos-x86_64
Version: 3.6.2
Check: installed package size
Result: NOTE
installed size is 10.3Mb
sub-directories of 1Mb or more:
R 4.6Mb
doc 2.1Mb
extdata 2.1Mb
Flavors: r-devel-windows-x86_64, r-release-windows-x86_64, r-oldrel-windows-x86_64