Last updated on 2025-02-18 02:50:36 CET.
Flavor | Version | Tinstall | Tcheck | Ttotal | Status | Flags |
---|---|---|---|---|---|---|
r-devel-linux-x86_64-debian-clang | 0.1.0 | 1.54 | 16.14 | 17.68 | OK | |
r-devel-linux-x86_64-debian-gcc | 0.1.0 | 1.17 | 13.32 | 14.49 | OK | |
r-devel-linux-x86_64-fedora-clang | 0.1.0 | 29.20 | NOTE | |||
r-devel-linux-x86_64-fedora-gcc | 0.1.0 | 27.49 | NOTE | |||
r-devel-macos-arm64 | 0.1.0 | 15.00 | OK | |||
r-devel-macos-x86_64 | 0.1.0 | 31.00 | OK | |||
r-devel-windows-x86_64 | 0.1.0 | 4.00 | 38.00 | 42.00 | OK | |
r-patched-linux-x86_64 | 0.1.0 | 1.54 | 15.61 | 17.15 | OK | |
r-release-linux-x86_64 | 0.1.0 | 1.48 | 15.56 | 17.04 | OK | |
r-release-macos-arm64 | 0.1.0 | 15.00 | OK | |||
r-release-macos-x86_64 | 0.1.0 | 27.00 | OK | |||
r-release-windows-x86_64 | 0.1.0 | 3.00 | 44.00 | 47.00 | OK | |
r-oldrel-macos-arm64 | 0.1.0 | 21.00 | OK | |||
r-oldrel-macos-x86_64 | 0.1.0 | 19.00 | OK | |||
r-oldrel-windows-x86_64 | 0.1.0 | 4.00 | 100.00 | 104.00 | OK |
Version: 0.1.0
Check: dependencies in R code
Result: NOTE
Namespace in Imports field not imported from: ‘dplyr’
All declared Imports should be used.
Flavors: r-devel-linux-x86_64-fedora-clang, r-devel-linux-x86_64-fedora-gcc