Last updated on 2025-02-18 02:50:36 CET.
Flavor | Version | Tinstall | Tcheck | Ttotal | Status | Flags |
---|---|---|---|---|---|---|
r-devel-linux-x86_64-debian-clang | 3.4.8 | 87.86 | 153.44 | 241.30 | OK | |
r-devel-linux-x86_64-debian-gcc | 3.4.8 | 63.76 | 99.73 | 163.49 | OK | |
r-devel-linux-x86_64-fedora-clang | 3.4.8 | 427.74 | OK | |||
r-devel-linux-x86_64-fedora-gcc | 3.4.8 | 406.93 | OK | |||
r-devel-macos-arm64 | 3.4.8 | 89.00 | OK | |||
r-devel-macos-x86_64 | 3.4.8 | 159.00 | OK | |||
r-devel-windows-x86_64 | 3.4.8 | 84.00 | 165.00 | 249.00 | OK | |
r-patched-linux-x86_64 | 3.4.8 | 97.97 | 140.34 | 238.31 | OK | |
r-release-linux-x86_64 | 3.4.8 | 82.22 | 139.26 | 221.48 | OK | |
r-release-macos-arm64 | 3.4.8 | 98.00 | NOTE | |||
r-release-macos-x86_64 | 3.4.8 | 227.00 | NOTE | |||
r-release-windows-x86_64 | 3.4.8 | 92.00 | 164.00 | 256.00 | OK | |
r-oldrel-macos-arm64 | 3.4.8 | 98.00 | NOTE | |||
r-oldrel-macos-x86_64 | 3.4.8 | 169.00 | NOTE | |||
r-oldrel-windows-x86_64 | 3.4.8 | 115.00 | 212.00 | 327.00 | OK |
Version: 3.4.8
Check: installed package size
Result: NOTE
installed size is 9.2Mb
sub-directories of 1Mb or more:
doc 1.7Mb
libs 6.2Mb
Flavors: r-release-macos-arm64, r-release-macos-x86_64, r-oldrel-macos-arm64, r-oldrel-macos-x86_64