Last updated on 2025-02-21 02:52:11 CET.
Flavor | Version | Tinstall | Tcheck | Ttotal | Status | Flags |
---|---|---|---|---|---|---|
r-devel-linux-x86_64-debian-clang | 1.0 | 47.68 | 31.85 | 79.53 | NOTE | |
r-devel-linux-x86_64-debian-gcc | 1.0 | 34.45 | 26.22 | 60.67 | NOTE | |
r-devel-linux-x86_64-fedora-clang | 1.0 | 130.45 | NOTE | |||
r-devel-linux-x86_64-fedora-gcc | 1.0 | 141.27 | NOTE | |||
r-devel-macos-arm64 | 1.0 | 39.00 | NOTE | |||
r-devel-macos-x86_64 | 1.0 | 62.00 | NOTE | |||
r-devel-windows-x86_64 | 1.0 | 46.00 | 87.00 | 133.00 | NOTE | |
r-patched-linux-x86_64 | 1.0 | 45.84 | 33.06 | 78.90 | NOTE | |
r-release-linux-x86_64 | 1.0 | 45.74 | 33.10 | 78.84 | NOTE | |
r-release-macos-arm64 | 1.0 | 38.00 | NOTE | |||
r-release-macos-x86_64 | 1.0 | 57.00 | NOTE | |||
r-release-windows-x86_64 | 1.0 | 47.00 | 74.00 | 121.00 | NOTE | |
r-oldrel-macos-arm64 | 1.0 | 46.00 | NOTE | |||
r-oldrel-macos-x86_64 | 1.0 | 67.00 | NOTE | |||
r-oldrel-windows-x86_64 | 1.0 | 55.00 | 89.00 | 144.00 | NOTE |
Version: 1.0
Check: C++ specification
Result: NOTE
Specified C++11: please drop specification unless essential
Flavors: r-devel-linux-x86_64-debian-clang, r-devel-linux-x86_64-debian-gcc, r-devel-linux-x86_64-fedora-clang, r-devel-linux-x86_64-fedora-gcc, r-devel-macos-arm64, r-devel-macos-x86_64, r-devel-windows-x86_64, r-patched-linux-x86_64, r-release-linux-x86_64, r-release-macos-arm64, r-release-macos-x86_64, r-release-windows-x86_64, r-oldrel-macos-arm64, r-oldrel-macos-x86_64, r-oldrel-windows-x86_64
Version: 1.0
Check: Rd files
Result: NOTE
checkRd: (-1) maximin.Rd:197: Lost braces
197 | Meinshausen, N and P. B{u}hlmann (2015). Maximin effects in inhomogeneous large-scale data.
| ^
Flavors: r-devel-linux-x86_64-debian-clang, r-devel-linux-x86_64-debian-gcc, r-devel-linux-x86_64-fedora-clang, r-devel-linux-x86_64-fedora-gcc, r-devel-macos-arm64, r-devel-macos-x86_64, r-devel-windows-x86_64, r-patched-linux-x86_64, r-release-linux-x86_64, r-release-macos-arm64, r-release-macos-x86_64, r-release-windows-x86_64
Version: 1.0
Check: installed package size
Result: NOTE
installed size is 8.7Mb
sub-directories of 1Mb or more:
libs 8.6Mb
Flavors: r-release-macos-arm64, r-release-macos-x86_64, r-oldrel-macos-arm64, r-oldrel-macos-x86_64