CRAN Package Check Results for Package Fahrmeir

Last updated on 2025-02-20 14:50:52 CET.

Flavor Version Tinstall Tcheck Ttotal Status Flags
r-devel-linux-x86_64-debian-clang 2016.5.31 1.16 13.34 14.50 NOTE
r-devel-linux-x86_64-debian-gcc 2016.5.31 1.10 10.88 11.98 NOTE
r-devel-linux-x86_64-fedora-clang 2016.5.31 23.42 NOTE
r-devel-linux-x86_64-fedora-gcc 2016.5.31 23.19 NOTE
r-devel-macos-arm64 2016.5.31 10.00 NOTE
r-devel-macos-x86_64 2016.5.31 20.00 NOTE
r-devel-windows-x86_64 2016.5.31 2.00 37.00 39.00 NOTE
r-patched-linux-x86_64 2016.5.31 1.49 12.86 14.35 NOTE
r-release-linux-x86_64 2016.5.31 1.09 12.75 13.84 NOTE
r-release-macos-arm64 2016.5.31 12.00 NOTE
r-release-macos-x86_64 2016.5.31 18.00 NOTE
r-release-windows-x86_64 2016.5.31 2.00 38.00 40.00 NOTE
r-oldrel-macos-arm64 2016.5.31 15.00 OK
r-oldrel-macos-x86_64 2016.5.31 17.00 OK
r-oldrel-windows-x86_64 2016.5.31 2.00 55.00 57.00 OK

Check Details

Version: 2016.5.31
Check: Rd files
Result: NOTE checkRd: (-1) happy.Rd:14: Lost braces 14 | code{Pretty happy} < \code{Very happy}} | ^ Flavors: r-devel-linux-x86_64-debian-clang, r-devel-linux-x86_64-debian-gcc, r-devel-linux-x86_64-fedora-clang, r-devel-linux-x86_64-fedora-gcc, r-devel-macos-arm64, r-devel-macos-x86_64, r-devel-windows-x86_64, r-patched-linux-x86_64, r-release-linux-x86_64, r-release-macos-arm64, r-release-macos-x86_64, r-release-windows-x86_64