Last updated on 2025-02-21 02:52:11 CET.
Flavor | Version | Tinstall | Tcheck | Ttotal | Status | Flags |
---|---|---|---|---|---|---|
r-devel-linux-x86_64-debian-clang | 1.0.2 | 29.94 | 69.52 | 99.46 | NOTE | |
r-devel-linux-x86_64-debian-gcc | 1.0.2 | 19.69 | 50.12 | 69.81 | NOTE | |
r-devel-linux-x86_64-fedora-clang | 1.0.2 | 165.46 | OK | |||
r-devel-linux-x86_64-fedora-gcc | 1.0.2 | 179.98 | OK | |||
r-devel-macos-arm64 | 1.0.2 | 56.00 | OK | |||
r-devel-macos-x86_64 | 1.0.2 | 103.00 | OK | |||
r-devel-windows-x86_64 | 1.0.2 | 30.00 | 102.00 | 132.00 | NOTE | |
r-patched-linux-x86_64 | 1.0.2 | 32.67 | 64.38 | 97.05 | NOTE | |
r-release-linux-x86_64 | 1.0.2 | 27.59 | 64.25 | 91.84 | NOTE | |
r-release-macos-arm64 | 1.0.2 | 54.00 | NOTE | |||
r-release-macos-x86_64 | 1.0.2 | 84.00 | NOTE | |||
r-release-windows-x86_64 | 1.0.2 | 32.00 | 103.00 | 135.00 | NOTE | |
r-oldrel-macos-arm64 | 1.0.2 | 61.00 | NOTE | |||
r-oldrel-macos-x86_64 | 1.0.2 | 94.00 | NOTE | |||
r-oldrel-windows-x86_64 | 1.0.2 | 37.00 | 150.00 | 187.00 | NOTE |
Version: 1.0.2
Check: Rd cross-references
Result: NOTE
Found the following Rd file(s) with Rd \link{} targets missing package
anchors:
farm.select.Rd: ncvreg
Please provide package anchors for all Rd \link{} targets not in the
package itself and the base packages.
Flavors: r-devel-linux-x86_64-debian-clang, r-devel-linux-x86_64-debian-gcc, r-devel-windows-x86_64
Version: 1.0.2
Check: LazyData
Result: NOTE
'LazyData' is specified without a 'data' directory
Flavors: r-patched-linux-x86_64, r-release-linux-x86_64, r-release-macos-arm64, r-release-macos-x86_64, r-release-windows-x86_64, r-oldrel-macos-arm64, r-oldrel-macos-x86_64, r-oldrel-windows-x86_64