Last updated on 2024-05-21 14:57:10 CEST.
Flavor | Version | Tinstall | Tcheck | Ttotal | Status | Flags |
---|---|---|---|---|---|---|
r-devel-linux-x86_64-debian-clang | 1.2 | 62.78 | 31.04 | 93.82 | OK | |
r-devel-linux-x86_64-debian-gcc | 1.2 | 37.27 | 25.44 | 62.71 | OK | |
r-devel-linux-x86_64-fedora-clang | 1.2 | 120.27 | NOTE | |||
r-devel-linux-x86_64-fedora-gcc | 1.2 | 123.71 | NOTE | |||
r-devel-windows-x86_64 | 1.2 | 42.00 | 65.00 | 107.00 | OK | |
r-patched-linux-x86_64 | 1.2 | 47.71 | 31.33 | 79.04 | OK | |
r-release-linux-x86_64 | 1.2 | 53.64 | 31.13 | 84.77 | OK | |
r-release-macos-arm64 | 1.2 | 27.00 | NOTE | |||
r-release-windows-x86_64 | 1.2 | 40.00 | 60.00 | 100.00 | OK | |
r-oldrel-macos-arm64 | 1.2 | 35.00 | NOTE | |||
r-oldrel-macos-x86_64 | 1.2 | 50.00 | NOTE | |||
r-oldrel-windows-x86_64 | 1.2 | 51.00 | 75.00 | 126.00 | OK |
Version: 1.2
Check: compiled code
Result: NOTE
File ‘FastGP/libs/FastGP.so’:
Found no calls to: ‘R_registerRoutines’, ‘R_useDynamicSymbols’
It is good practice to register native routines and to disable symbol
search.
See ‘Writing portable packages’ in the ‘Writing R Extensions’ manual.
Flavors: r-devel-linux-x86_64-fedora-clang, r-devel-linux-x86_64-fedora-gcc
Version: 1.2
Check: installed package size
Result: NOTE
installed size is 7.8Mb
sub-directories of 1Mb or more:
libs 7.4Mb
Flavors: r-release-macos-arm64, r-oldrel-macos-arm64, r-oldrel-macos-x86_64