Last updated on 2025-02-21 02:52:11 CET.
Flavor | Version | Tinstall | Tcheck | Ttotal | Status | Flags |
---|---|---|---|---|---|---|
r-devel-linux-x86_64-debian-clang | 0.0.9 | 27.20 | 20.61 | 47.81 | OK | |
r-devel-linux-x86_64-debian-gcc | 0.0.9 | 21.72 | 19.32 | 41.04 | OK | |
r-devel-linux-x86_64-fedora-clang | 0.0.9 | 76.04 | OK | |||
r-devel-linux-x86_64-fedora-gcc | 0.0.9 | 87.16 | OK | |||
r-devel-macos-arm64 | 0.0.9 | 26.00 | OK | |||
r-devel-macos-x86_64 | 0.0.9 | 65.00 | OK | |||
r-devel-windows-x86_64 | 0.0.9 | 26.00 | 50.00 | 76.00 | OK | |
r-patched-linux-x86_64 | 0.0.9 | 28.71 | 22.78 | 51.49 | OK | |
r-release-linux-x86_64 | 0.0.9 | 30.57 | 22.93 | 53.50 | OK | |
r-release-macos-arm64 | 0.0.9 | 29.00 | NOTE | |||
r-release-macos-x86_64 | 0.0.9 | 54.00 | NOTE | |||
r-release-windows-x86_64 | 0.0.9 | 26.00 | 51.00 | 77.00 | OK | |
r-oldrel-macos-arm64 | 0.0.9 | 33.00 | NOTE | |||
r-oldrel-macos-x86_64 | 0.0.9 | 61.00 | NOTE | |||
r-oldrel-windows-x86_64 | 0.0.9 | 32.00 | 77.00 | 109.00 | OK |
Version: 0.0.9
Check: installed package size
Result: NOTE
installed size is 14.5Mb
sub-directories of 1Mb or more:
libs 14.4Mb
Flavors: r-release-macos-arm64, r-release-macos-x86_64, r-oldrel-macos-arm64, r-oldrel-macos-x86_64