Last updated on 2025-02-20 14:50:52 CET.
Flavor | Version | Tinstall | Tcheck | Ttotal | Status | Flags |
---|---|---|---|---|---|---|
r-devel-linux-x86_64-debian-clang | 0.1.2 | 3.28 | 25.36 | 28.64 | NOTE | |
r-devel-linux-x86_64-debian-gcc | 0.1.2 | 2.50 | 19.03 | 21.53 | NOTE | |
r-devel-linux-x86_64-fedora-clang | 0.1.2 | 46.73 | NOTE | |||
r-devel-linux-x86_64-fedora-gcc | 0.1.2 | 44.53 | NOTE | |||
r-devel-macos-arm64 | 0.1.2 | 19.00 | OK | |||
r-devel-macos-x86_64 | 0.1.2 | 32.00 | NOTE | |||
r-devel-windows-x86_64 | 0.1.2 | 4.00 | 46.00 | 50.00 | NOTE | |
r-patched-linux-x86_64 | 0.1.2 | 4.03 | 23.78 | 27.81 | OK | |
r-release-linux-x86_64 | 0.1.2 | 3.98 | 24.14 | 28.12 | OK | |
r-release-macos-arm64 | 0.1.2 | 20.00 | OK | |||
r-release-macos-x86_64 | 0.1.2 | 26.00 | OK | |||
r-release-windows-x86_64 | 0.1.2 | 4.00 | 46.00 | 50.00 | OK | |
r-oldrel-macos-arm64 | 0.1.2 | 25.00 | OK | |||
r-oldrel-macos-x86_64 | 0.1.2 | 44.00 | OK | |||
r-oldrel-windows-x86_64 | 0.1.2 | 5.00 | 71.00 | 76.00 | OK |
Version: 0.1.2
Check: DESCRIPTION meta-information
Result: NOTE
Missing dependency on R >= 4.1.0 because package code uses the pipe
|> or function shorthand \(...) syntax added in R 4.1.0.
File(s) using such syntax:
‘produce_data.R’
Flavors: r-devel-linux-x86_64-debian-clang, r-devel-linux-x86_64-debian-gcc, r-devel-linux-x86_64-fedora-clang, r-devel-linux-x86_64-fedora-gcc, r-devel-macos-x86_64, r-devel-windows-x86_64