Last updated on 2025-02-16 14:50:31 CET.
Flavor | Version | Tinstall | Tcheck | Ttotal | Status | Flags |
---|---|---|---|---|---|---|
r-devel-linux-x86_64-debian-clang | 1.1 | 8.39 | 64.11 | 72.50 | NOTE | |
r-devel-linux-x86_64-debian-gcc | 1.1 | 5.57 | 47.78 | 53.35 | NOTE | |
r-devel-linux-x86_64-fedora-clang | 1.1 | 113.69 | NOTE | |||
r-devel-linux-x86_64-fedora-gcc | 1.1 | 113.34 | NOTE | |||
r-devel-macos-arm64 | 1.1 | 39.00 | NOTE | |||
r-devel-macos-x86_64 | 1.1 | 63.00 | NOTE | |||
r-devel-windows-x86_64 | 1.1 | 9.00 | 87.00 | 96.00 | NOTE | |
r-patched-linux-x86_64 | 1.1 | 7.03 | 59.78 | 66.81 | NOTE | |
r-release-linux-x86_64 | 1.1 | 7.61 | 59.58 | 67.19 | NOTE | |
r-release-macos-arm64 | 1.1 | 35.00 | NOTE | |||
r-release-macos-x86_64 | 1.1 | 70.00 | NOTE | |||
r-release-windows-x86_64 | 1.1 | 10.00 | 81.00 | 91.00 | NOTE | |
r-oldrel-macos-arm64 | 1.1 | 38.00 | OK | |||
r-oldrel-macos-x86_64 | 1.1 | 63.00 | OK | |||
r-oldrel-windows-x86_64 | 1.1 | 10.00 | 91.00 | 101.00 | OK |
Version: 1.1
Check: Rd files
Result: NOTE
checkRd: (-1) FiSh-package.Rd:19: Lost braces
19 | \doi{10.3389/feart.2020.00255}{Frontiers in Earth Science, 8:255}.
| ^
checkRd: (-1) FiSh-package.Rd:32: Lost braces
32 | \doi{10.3389/feart.2020.00255}{Frontiers in Earth Science, 8:255}.
| ^
checkRd: (-1) SEP_FIM.Rd:46: Lost braces
46 | \doi{10.3389/feart.2020.00255}{Frontiers in Earth Science, 8:255}.
| ^
Flavors: r-devel-linux-x86_64-debian-clang, r-devel-linux-x86_64-debian-gcc, r-devel-linux-x86_64-fedora-clang, r-devel-linux-x86_64-fedora-gcc, r-devel-macos-arm64, r-devel-macos-x86_64, r-devel-windows-x86_64, r-patched-linux-x86_64, r-release-linux-x86_64, r-release-macos-arm64, r-release-macos-x86_64, r-release-windows-x86_64