Last updated on 2025-02-21 02:52:11 CET.
Flavor | Version | Tinstall | Tcheck | Ttotal | Status | Flags |
---|---|---|---|---|---|---|
r-devel-linux-x86_64-debian-clang | 0.2.0 | 3.35 | 35.62 | 38.97 | OK | |
r-devel-linux-x86_64-debian-gcc | 0.2.0 | 2.20 | 26.73 | 28.93 | OK | |
r-devel-linux-x86_64-fedora-clang | 0.2.0 | 64.34 | NOTE | |||
r-devel-linux-x86_64-fedora-gcc | 0.2.0 | 75.46 | NOTE | |||
r-devel-macos-arm64 | 0.2.0 | 33.00 | OK | |||
r-devel-macos-x86_64 | 0.2.0 | 55.00 | OK | |||
r-devel-windows-x86_64 | 0.2.0 | 5.00 | 62.00 | 67.00 | OK | |
r-patched-linux-x86_64 | 0.2.0 | 3.81 | 33.70 | 37.51 | OK | |
r-release-linux-x86_64 | 0.2.0 | 2.56 | 33.35 | 35.91 | OK | |
r-release-macos-arm64 | 0.2.0 | 28.00 | OK | |||
r-release-macos-x86_64 | 0.2.0 | 46.00 | OK | |||
r-release-windows-x86_64 | 0.2.0 | 7.00 | 61.00 | 68.00 | OK | |
r-oldrel-macos-arm64 | 0.2.0 | 31.00 | OK | |||
r-oldrel-macos-x86_64 | 0.2.0 | 40.00 | OK | |||
r-oldrel-windows-x86_64 | 0.2.0 | 6.00 | 68.00 | 74.00 | OK |
Version: 0.2.0
Check: dependencies in R code
Result: NOTE
Namespaces in Imports field not imported from:
‘knitr’ ‘rmarkdown’ ‘utils’
All declared Imports should be used.
Flavors: r-devel-linux-x86_64-fedora-clang, r-devel-linux-x86_64-fedora-gcc