Last updated on 2025-02-21 02:52:11 CET.
Flavor | Version | Tinstall | Tcheck | Ttotal | Status | Flags |
---|---|---|---|---|---|---|
r-devel-linux-x86_64-debian-clang | 1.0.0 | 4.99 | 44.63 | 49.62 | OK | |
r-devel-linux-x86_64-debian-gcc | 1.0.0 | 3.82 | 32.94 | 36.76 | OK | |
r-devel-linux-x86_64-fedora-clang | 1.0.0 | 78.90 | NOTE | |||
r-devel-linux-x86_64-fedora-gcc | 1.0.0 | 87.55 | NOTE | |||
r-devel-macos-arm64 | 1.0.0 | 34.00 | OK | |||
r-devel-macos-x86_64 | 1.0.0 | 60.00 | OK | |||
r-devel-windows-x86_64 | 1.0.0 | 7.00 | 60.00 | 67.00 | OK | |
r-patched-linux-x86_64 | 1.0.0 | 4.31 | 40.99 | 45.30 | OK | |
r-release-linux-x86_64 | 1.0.0 | 4.11 | 41.26 | 45.37 | OK | |
r-release-macos-arm64 | 1.0.0 | 30.00 | OK | |||
r-release-macos-x86_64 | 1.0.0 | 48.00 | OK | |||
r-release-windows-x86_64 | 1.0.0 | 7.00 | 60.00 | 67.00 | OK | |
r-oldrel-macos-arm64 | 1.0.0 | 35.00 | OK | |||
r-oldrel-macos-x86_64 | 1.0.0 | 72.00 | OK | |||
r-oldrel-windows-x86_64 | 1.0.0 | 8.00 | 69.00 | 77.00 | OK |
Version: 1.0.0
Check: dependencies in R code
Result: NOTE
Namespaces in Imports field not imported from:
‘knitr’ ‘utils’
All declared Imports should be used.
Flavors: r-devel-linux-x86_64-fedora-clang, r-devel-linux-x86_64-fedora-gcc