Last updated on 2024-05-21 14:57:12 CEST.
Flavor | Version | Tinstall | Tcheck | Ttotal | Status | Flags |
---|---|---|---|---|---|---|
r-devel-linux-x86_64-debian-clang | 0.3.3 | 8.72 | 83.66 | 92.38 | NOTE | |
r-devel-linux-x86_64-debian-gcc | 0.3.3 | 5.99 | 60.05 | 66.04 | NOTE | |
r-devel-linux-x86_64-fedora-clang | 0.3.3 | 113.43 | NOTE | |||
r-devel-linux-x86_64-fedora-gcc | 0.3.3 | 117.88 | NOTE | |||
r-devel-windows-x86_64 | 0.3.3 | 8.00 | 75.00 | 83.00 | NOTE | |
r-patched-linux-x86_64 | 0.3.3 | 5.51 | 76.00 | 81.51 | NOTE | |
r-release-linux-x86_64 | 0.3.3 | 5.57 | 77.75 | 83.32 | NOTE | |
r-release-macos-arm64 | 0.3.3 | 36.00 | NOTE | |||
r-release-windows-x86_64 | 0.3.3 | 8.00 | 75.00 | 83.00 | NOTE | |
r-oldrel-macos-arm64 | 0.3.3 | 45.00 | NOTE | |||
r-oldrel-macos-x86_64 | 0.3.3 | 53.00 | NOTE | |||
r-oldrel-windows-x86_64 | 0.3.3 | 10.00 | 88.00 | 98.00 | NOTE |
Version: 0.3.3
Check: package dependencies
Result: NOTE
Package suggested but not available for checking: ‘RGtk2’
Flavors: r-devel-linux-x86_64-debian-clang, r-devel-linux-x86_64-debian-gcc, r-devel-linux-x86_64-fedora-clang, r-devel-linux-x86_64-fedora-gcc, r-devel-windows-x86_64, r-patched-linux-x86_64, r-release-linux-x86_64, r-release-macos-arm64, r-release-windows-x86_64, r-oldrel-macos-arm64, r-oldrel-macos-x86_64, r-oldrel-windows-x86_64
Version: 0.3.3
Check: Rd files
Result: NOTE
checkRd: (-1) QANOVA.Rd:62: Lost braces in \itemize; meant \describe ?
checkRd: (-1) QANOVA.Rd:63: Lost braces in \itemize; meant \describe ?
checkRd: (-1) QANOVA.Rd:64-66: Lost braces in \itemize; meant \describe ?
checkRd: (-1) QANOVA.Rd:67: Lost braces in \itemize; meant \describe ?
Flavors: r-devel-linux-x86_64-debian-clang, r-devel-linux-x86_64-debian-gcc, r-devel-linux-x86_64-fedora-clang, r-devel-linux-x86_64-fedora-gcc, r-devel-windows-x86_64, r-patched-linux-x86_64, r-release-linux-x86_64, r-release-macos-arm64, r-release-windows-x86_64