Last updated on 2025-02-18 02:50:37 CET.
Flavor | Version | Tinstall | Tcheck | Ttotal | Status | Flags |
---|---|---|---|---|---|---|
r-devel-linux-x86_64-debian-clang | 1.0.4 | 10.13 | 63.52 | 73.65 | OK | |
r-devel-linux-x86_64-debian-gcc | 1.0.4 | 8.08 | 45.51 | 53.59 | OK | |
r-devel-linux-x86_64-fedora-clang | 1.0.4 | 121.14 | OK | |||
r-devel-linux-x86_64-fedora-gcc | 1.0.4 | 112.48 | OK | |||
r-devel-macos-arm64 | 1.0.4 | 37.00 | OK | |||
r-devel-macos-x86_64 | 1.0.4 | 68.00 | OK | |||
r-devel-windows-x86_64 | 1.0.4 | 11.00 | 79.00 | 90.00 | OK | |
r-patched-linux-x86_64 | 1.0.4 | 10.45 | 61.10 | 71.55 | NOTE | |
r-release-linux-x86_64 | 1.0.4 | 9.70 | 61.48 | 71.18 | NOTE | |
r-release-macos-arm64 | 1.0.4 | 33.00 | NOTE | |||
r-release-macos-x86_64 | 1.0.4 | 53.00 | NOTE | |||
r-release-windows-x86_64 | 1.0.4 | 11.00 | 78.00 | 89.00 | NOTE | |
r-oldrel-macos-arm64 | 1.0.4 | 37.00 | NOTE | |||
r-oldrel-macos-x86_64 | 1.0.4 | 59.00 | NOTE | |||
r-oldrel-windows-x86_64 | 1.0.4 | 15.00 | 91.00 | 106.00 | NOTE |
Version: 1.0.4
Check: LazyData
Result: NOTE
'LazyData' is specified without a 'data' directory
Flavors: r-patched-linux-x86_64, r-release-linux-x86_64, r-release-macos-arm64, r-release-macos-x86_64, r-release-windows-x86_64, r-oldrel-macos-arm64, r-oldrel-macos-x86_64, r-oldrel-windows-x86_64