Last updated on 2025-02-16 14:50:32 CET.
Flavor | Version | Tinstall | Tcheck | Ttotal | Status | Flags |
---|---|---|---|---|---|---|
r-devel-linux-x86_64-debian-clang | 2.0.0.9.3 | 8.92 | 53.01 | 61.93 | NOTE | |
r-devel-linux-x86_64-debian-gcc | 2.0.0.9.3 | 6.62 | 37.21 | 43.83 | NOTE | |
r-devel-linux-x86_64-fedora-clang | 2.0.0.9.3 | 102.45 | OK | |||
r-devel-linux-x86_64-fedora-gcc | 2.0.0.9.3 | 95.25 | OK | |||
r-devel-macos-arm64 | 2.0.0.9.3 | 30.00 | OK | |||
r-devel-macos-x86_64 | 2.0.0.9.3 | 72.00 | OK | |||
r-devel-windows-x86_64 | 2.0.0.9.3 | 12.00 | 101.00 | 113.00 | NOTE | |
r-patched-linux-x86_64 | 2.0.0.9.3 | 11.40 | 49.59 | 60.99 | OK | |
r-release-linux-x86_64 | 2.0.0.9.3 | 9.68 | 49.96 | 59.64 | OK | |
r-release-macos-arm64 | 2.0.0.9.3 | 30.00 | OK | |||
r-release-macos-x86_64 | 2.0.0.9.3 | 47.00 | OK | |||
r-release-windows-x86_64 | 2.0.0.9.3 | 15.00 | 102.00 | 117.00 | OK | |
r-oldrel-macos-arm64 | 2.0.0.9.3 | 35.00 | OK | |||
r-oldrel-macos-x86_64 | 2.0.0.9.3 | 90.00 | OK | |||
r-oldrel-windows-x86_64 | 2.0.0.9.3 | 15.00 | 104.00 | 119.00 | OK |
Version: 2.0.0.9.3
Check: Rd cross-references
Result: NOTE
Found the following Rd file(s) with Rd \link{} targets missing package
anchors:
fun.class.regime.bi.Rd: pam, fanny
Please provide package anchors for all Rd \link{} targets not in the
package itself and the base packages.
Flavors: r-devel-linux-x86_64-debian-clang, r-devel-linux-x86_64-debian-gcc, r-devel-windows-x86_64