Last updated on 2025-02-21 02:52:12 CET.
Flavor | Version | Tinstall | Tcheck | Ttotal | Status | Flags |
---|---|---|---|---|---|---|
r-devel-linux-x86_64-debian-clang | 0.1.0-6 | 181.36 | 39.24 | 220.60 | OK | |
r-devel-linux-x86_64-debian-gcc | 0.1.0-6 | 142.93 | 37.37 | 180.30 | OK | |
r-devel-linux-x86_64-fedora-clang | 0.1.0-6 | 340.81 | OK | |||
r-devel-linux-x86_64-fedora-gcc | 0.1.0-6 | 426.50 | OK | |||
r-devel-macos-arm64 | 0.1.0-6 | 86.00 | OK | |||
r-devel-macos-x86_64 | 0.1.0-6 | 118.00 | OK | |||
r-devel-windows-x86_64 | 0.1.0-6 | 128.00 | 99.00 | 227.00 | OK | |
r-patched-linux-x86_64 | 0.1.0-6 | 198.87 | 47.18 | 246.05 | OK | |
r-release-linux-x86_64 | 0.1.0-6 | 192.03 | 47.18 | 239.21 | OK | |
r-release-macos-arm64 | 0.1.0-6 | 92.00 | NOTE | |||
r-release-macos-x86_64 | 0.1.0-6 | 90.00 | NOTE | |||
r-release-windows-x86_64 | 0.1.0-6 | 140.00 | 90.00 | 230.00 | OK | |
r-oldrel-macos-arm64 | 0.1.0-6 | 98.00 | NOTE | |||
r-oldrel-macos-x86_64 | 0.1.0-6 | 152.00 | NOTE | |||
r-oldrel-windows-x86_64 | 0.1.0-6 | 177.00 | 106.00 | 283.00 | OK |
Version: 0.1.0-6
Check: installed package size
Result: NOTE
installed size is 35.8Mb
sub-directories of 1Mb or more:
libs 35.4Mb
Flavors: r-release-macos-arm64, r-release-macos-x86_64, r-oldrel-macos-arm64, r-oldrel-macos-x86_64