Last updated on 2025-05-08 02:50:58 CEST.
Flavor | Version | Tinstall | Tcheck | Ttotal | Status | Flags |
---|---|---|---|---|---|---|
r-devel-linux-x86_64-debian-clang | 3.0.1 | 29.53 | 30.71 | 60.24 | NOTE | |
r-devel-linux-x86_64-debian-gcc | 3.0.1 | 23.15 | 23.85 | 47.00 | NOTE | |
r-devel-linux-x86_64-fedora-clang | 3.0.1 | 119.08 | NOTE | |||
r-devel-linux-x86_64-fedora-gcc | 3.0.1 | 114.19 | NOTE | |||
r-devel-windows-x86_64 | 3.0.1 | 40.00 | 68.00 | 108.00 | NOTE | |
r-patched-linux-x86_64 | 3.0.1 | 31.47 | 29.52 | 60.99 | NOTE | |
r-release-linux-x86_64 | 3.0.1 | 32.13 | 29.27 | 61.40 | NOTE | |
r-release-macos-arm64 | 3.0.1 | 37.00 | NOTE | |||
r-release-macos-x86_64 | 3.0.1 | 46.00 | NOTE | |||
r-release-windows-x86_64 | 3.0.1 | 38.00 | 71.00 | 109.00 | NOTE | |
r-oldrel-macos-arm64 | 3.0.1 | 30.00 | NOTE | |||
r-oldrel-macos-x86_64 | 3.0.1 | 39.00 | NOTE | |||
r-oldrel-windows-x86_64 | 3.0.1 | 46.00 | 83.00 | 129.00 | NOTE |
Version: 3.0.1
Check: CRAN incoming feasibility
Result: NOTE
Maintainer: ‘Ramin Bostanabad <bostanabad@u.northwestern.edu>’
No Authors@R field in DESCRIPTION.
Please add one, modifying
Authors@R: c(person(given = "Ramin",
family = "Bostanabad",
role = c("aut", "cre"),
email = "bostanabad@u.northwestern.edu"),
person(given = "Tucker",
family = "Kearney",
role = "aut"),
person(given = "Siyo",
family = "Tao",
role = "aut"),
person(given = "Daniel",
family = "Apley",
role = "aut"),
person(given = "Wei",
family = "Chen",
role = "aut",
comment = "IDEAL"))
as necessary.
Flavors: r-devel-linux-x86_64-debian-clang, r-devel-linux-x86_64-debian-gcc
Version: 3.0.1
Check: C++ specification
Result: NOTE
Specified C++11: please drop specification unless essential
Flavors: r-devel-linux-x86_64-debian-clang, r-devel-linux-x86_64-debian-gcc, r-devel-linux-x86_64-fedora-clang, r-devel-linux-x86_64-fedora-gcc, r-devel-windows-x86_64, r-patched-linux-x86_64, r-release-linux-x86_64, r-release-macos-arm64, r-release-macos-x86_64, r-release-windows-x86_64, r-oldrel-macos-arm64, r-oldrel-macos-x86_64, r-oldrel-windows-x86_64
Version: 3.0.1
Check: Rd files
Result: NOTE
checkRd: (-1) Auxil.Rd:27: Lost braces in \itemize; \value handles \item{}{} directly
checkRd: (-1) Auxil.Rd:28: Lost braces in \itemize; \value handles \item{}{} directly
checkRd: (-1) Auxil.Rd:29: Lost braces in \itemize; \value handles \item{}{} directly
checkRd: (-1) Auxil.Rd:30: Lost braces in \itemize; \value handles \item{}{} directly
checkRd: (-1) Fit.Rd:39: Lost braces in \itemize; \value handles \item{}{} directly
checkRd: (-1) Fit.Rd:40: Lost braces in \itemize; \value handles \item{}{} directly
checkRd: (-1) Fit.Rd:41: Lost braces in \itemize; \value handles \item{}{} directly
checkRd: (-1) Fit.Rd:42: Lost braces in \itemize; \value handles \item{}{} directly
checkRd: (-1) Fit.Rd:43: Lost braces in \itemize; \value handles \item{}{} directly
checkRd: (-1) Predict.Rd:21: Lost braces in \itemize; \value handles \item{}{} directly
checkRd: (-1) Predict.Rd:22: Lost braces in \itemize; \value handles \item{}{} directly
checkRd: (-1) Predict.Rd:23: Lost braces in \itemize; \value handles \item{}{} directly
Flavors: r-devel-linux-x86_64-debian-clang, r-devel-linux-x86_64-debian-gcc, r-devel-linux-x86_64-fedora-clang, r-devel-linux-x86_64-fedora-gcc, r-devel-windows-x86_64, r-patched-linux-x86_64, r-release-linux-x86_64, r-release-macos-arm64, r-release-macos-x86_64, r-release-windows-x86_64, r-oldrel-macos-arm64, r-oldrel-macos-x86_64, r-oldrel-windows-x86_64