CRAN Package Check Results for Package GPSCDF

Last updated on 2025-02-18 02:50:37 CET.

Flavor Version Tinstall Tcheck Ttotal Status Flags
r-devel-linux-x86_64-debian-clang 0.1.1 11.83 90.24 102.07 OK
r-devel-linux-x86_64-debian-gcc 0.1.1 6.59 63.02 69.61 OK
r-devel-linux-x86_64-fedora-clang 0.1.1 163.65 OK
r-devel-linux-x86_64-fedora-gcc 0.1.1 150.80 OK
r-devel-macos-arm64 0.1.1 49.00 OK
r-devel-macos-x86_64 0.1.1 80.00 OK
r-devel-windows-x86_64 0.1.1 11.00 92.00 103.00 OK
r-patched-linux-x86_64 0.1.1 11.09 84.60 95.69 NOTE
r-release-linux-x86_64 0.1.1 9.91 82.78 92.69 NOTE
r-release-macos-arm64 0.1.1 47.00 NOTE
r-release-macos-x86_64 0.1.1 84.00 NOTE
r-release-windows-x86_64 0.1.1 10.00 91.00 101.00 NOTE
r-oldrel-macos-arm64 0.1.1 50.00 NOTE
r-oldrel-macos-x86_64 0.1.1 78.00 NOTE
r-oldrel-windows-x86_64 0.1.1 15.00 120.00 135.00 NOTE

Check Details

Version: 0.1.1
Check: LazyData
Result: NOTE 'LazyData' is specified without a 'data' directory Flavors: r-patched-linux-x86_64, r-release-linux-x86_64, r-release-macos-arm64, r-release-macos-x86_64, r-release-windows-x86_64, r-oldrel-macos-arm64, r-oldrel-macos-x86_64, r-oldrel-windows-x86_64